{"id":174,"date":"2021-02-06T17:33:00","date_gmt":"2021-02-06T19:33:00","guid":{"rendered":"https:\/\/csr.ufmg.br\/ppgamsa\/?page_id=174"},"modified":"2024-09-19T10:53:53","modified_gmt":"2024-09-19T13:53:53","slug":"internacionalizacao","status":"publish","type":"page","link":"https:\/\/csr.ufmg.br\/ppgamsa\/br\/programa\/internacionalizacao\/","title":{"rendered":"Internacionaliza\u00e7\u00e3o"},"content":{"rendered":"<div class=\"fusion-fullwidth fullwidth-box fusion-builder-row-1 fusion-flex-container nonhundred-percent-fullwidth non-hundred-percent-height-scrolling\" style=\"background-color: rgba(255,255,255,0);background-position: center center;background-repeat: no-repeat;border-width: 0px 0px 0px 0px;border-color:#eae9e9;border-style:solid;\" ><div class=\"fusion-builder-row fusion-row fusion-flex-align-items-flex-start\" style=\"max-width:1248px;margin-left: calc(-4% \/ 2 );margin-right: calc(-4% \/ 2 );\"><div class=\"fusion-layout-column fusion_builder_column fusion-builder-column-0 fusion_builder_column_1_1 1_1 fusion-flex-column\"><div class=\"fusion-column-wrapper fusion-flex-justify-content-flex-start fusion-content-layout-column\" style=\"background-position:left top;background-repeat:no-repeat;-webkit-background-size:cover;-moz-background-size:cover;-o-background-size:cover;background-size:cover;padding: 0px 0px 0px 0px;\"><style type=\"text\/css\">@media only screen and (max-width:1024px) {.fusion-title.fusion-title-1{margin-top:10px!important;margin-bottom:30px!important;}}<\/style><div class=\"fusion-title title fusion-title-1 fusion-title-text fusion-title-size-one\" style=\"margin-top:10px;margin-bottom:30px;\"><div class=\"title-sep-container title-sep-container-left fusion-no-large-visibility fusion-no-medium-visibility fusion-no-small-visibility\"><div class=\"title-sep sep-\" style=\"border-color:#ae895d;\"><\/div><\/div><h1 class=\"title-heading-left\" style=\"margin:0;\">Internacionaliza\u00e7\u00e3o<\/h1><div class=\"title-sep-container title-sep-container-right\"><div class=\"title-sep sep-\" style=\"border-color:#ae895d;\"><\/div><\/div><\/div><div class=\"fusion-text fusion-text-1\"><p style=\"text-align: justify;\">As a\u00e7\u00f5es de internacionaliza\u00e7\u00e3o do PPG-AMSA ocorrem tanto no sentido de apoiar a visibilidade do programa atrav\u00e9s da participa\u00e7\u00e3o de docentes e discentes em eventos e publica\u00e7\u00f5es internacionais, como tamb\u00e9m atrav\u00e9s da ado\u00e7\u00e3o de medidas internas que, ainda que lentamente, est\u00e3o permitindo ao programa receber alunos e pesquisadores estrangeiros.<\/p>\n<p style=\"text-align: justify;\">Em 2020 o PPG esteve trabalhando nos procedimentos administrativos para a contrata\u00e7\u00e3o de um professor visitante estrangeiro que ficar\u00e1 alocado exclusivamente no PPG-AMSA. Este foi o resultado de uma candidatura em 2018, a um edital interno da UFMG onde ganhou uma \u201cInternational Professorship\u201d. O candidato selecionado foi o Professor Sergio Villamayor Tomas (https:\/\/ictaweb.uab.cat\/personal_detail.php?id=4066) do ICTA em Barcelona que ser\u00e1 professor visitante do nosso PPG por um per\u00edodo de at\u00e9 3 anos, a partir de 2021.<\/p>\n<p style=\"text-align: justify;\">Durante o quadri\u00e9nio recebemos o aluno Ivo Verhaar da Universidade de Avans dos Paises Baixos (https:\/\/www.avans.nl\/international), que realizou seu est\u00e1gio no \u00e2mbito do Programa Biobased Brasil. Seu trabalho no PPG-AMSA foi integrado no Programa Estudos Ecol\u00f3gicos de Longa Dura\u00e7\u00e3o (PELD) que decorre no Parque Estadual do Rio Doce (PERD), MG. Ivo participou junto com alunos de Mestrado, Doutorado e IC no desenvolvimento de cen\u00e1rios participativos para o entorno do PERD.<\/p>\n<p style=\"text-align: justify;\">Durante o quadri\u00eanio, o PPG-AMSA teve matriculados 7 discentes de MESTRADO estrangeiros:<\/p>\n<ul>\n<li style=\"text-align: justify;\">Adolfo Andres Hincapie Garcia (Col\u00f4mbia)<\/li>\n<li style=\"text-align: justify;\">Castigo David Augusto Machava (Mo\u00e7ambique)<\/li>\n<li style=\"text-align: justify;\">Gustavo Adolfo Tinoco Martinez (Col\u00f4mbia)<\/li>\n<li style=\"text-align: justify;\">Juan David Mendez Quintero (Col\u00f4mbia)<\/li>\n<li style=\"text-align: justify;\">Miluska Blas Leon (Peru)<\/li>\n<li style=\"text-align: justify;\">Thomas Lloyd Rickard (Reino Unido)<\/li>\n<li style=\"text-align: justify;\">Trevor Ray Tisler (Estados Unidos)<\/li>\n<li style=\"text-align: justify;\">Estrangeiros matriculados no DOUTORADO do programa durante o quadri\u00eanio:<\/li>\n<li style=\"text-align: justify;\">Thomas Lloyd Rickard (Reino Unido)<\/li>\n<li style=\"text-align: justify;\">Anacleto Marito Diogo (Angola)<\/li>\n<\/ul>\n<\/div><\/div><\/div><style type=\"text\/css\">.fusion-body .fusion-builder-column-0{width:100% !important;margin-top : 0px;margin-bottom : 20px;}.fusion-builder-column-0 > .fusion-column-wrapper {padding-top : 0px !important;padding-right : 0px !important;margin-right : 1.92%;padding-bottom : 0px !important;padding-left : 0px !important;margin-left : 1.92%;}@media only screen and (max-width:1024px) {.fusion-body .fusion-builder-column-0{width:100% !important;order : 0;}.fusion-builder-column-0 > .fusion-column-wrapper {margin-right : 1.92%;margin-left : 1.92%;}}@media only screen and (max-width:640px) {.fusion-body .fusion-builder-column-0{width:100% !important;order : 0;}.fusion-builder-column-0 > .fusion-column-wrapper {margin-right : 1.92%;margin-left : 1.92%;}}<\/style><\/div><style type=\"text\/css\">.fusion-body .fusion-flex-container.fusion-builder-row-1{ padding-top : 0px;margin-top : 0px;padding-right : 0px;padding-bottom : 0px;margin-bottom : 0px;padding-left : 0px;}<\/style><\/div>\n","protected":false},"excerpt":{"rendered":"","protected":false},"author":3,"featured_media":0,"parent":276,"menu_order":5,"comment_status":"closed","ping_status":"closed","template":"","meta":[],"_links":{"self":[{"href":"https:\/\/csr.ufmg.br\/ppgamsa\/wp-json\/wp\/v2\/pages\/174"}],"collection":[{"href":"https:\/\/csr.ufmg.br\/ppgamsa\/wp-json\/wp\/v2\/pages"}],"about":[{"href":"https:\/\/csr.ufmg.br\/ppgamsa\/wp-json\/wp\/v2\/types\/page"}],"author":[{"embeddable":true,"href":"https:\/\/csr.ufmg.br\/ppgamsa\/wp-json\/wp\/v2\/users\/3"}],"replies":[{"embeddable":true,"href":"https:\/\/csr.ufmg.br\/ppgamsa\/wp-json\/wp\/v2\/comments?post=174"}],"version-history":[{"count":11,"href":"https:\/\/csr.ufmg.br\/ppgamsa\/wp-json\/wp\/v2\/pages\/174\/revisions"}],"predecessor-version":[{"id":2417,"href":"https:\/\/csr.ufmg.br\/ppgamsa\/wp-json\/wp\/v2\/pages\/174\/revisions\/2417"}],"up":[{"embeddable":true,"href":"https:\/\/csr.ufmg.br\/ppgamsa\/wp-json\/wp\/v2\/pages\/276"}],"wp:attachment":[{"href":"https:\/\/csr.ufmg.br\/ppgamsa\/wp-json\/wp\/v2\/media?parent=174"}],"curies":[{"name":"wp","href":"https:\/\/api.w.org\/{rel}","templated":true}]}}