{"id":220,"date":"2021-02-06T23:33:06","date_gmt":"2021-02-07T01:33:06","guid":{"rendered":"https:\/\/csr.ufmg.br\/ppgamsa\/?page_id=220"},"modified":"2025-03-18T10:29:44","modified_gmt":"2025-03-18T13:29:44","slug":"radar","status":"publish","type":"page","link":"https:\/\/csr.ufmg.br\/ppgamsa\/br\/radar\/","title":{"rendered":"Radar de Egressos"},"content":{"rendered":"<div class=\"fusion-fullwidth fullwidth-box fusion-builder-row-1 fusion-flex-container nonhundred-percent-fullwidth non-hundred-percent-height-scrolling\" style=\"background-color: rgba(255,255,255,0);background-position: center center;background-repeat: no-repeat;border-width: 0px 0px 0px 0px;border-color:#eae9e9;border-style:solid;\" ><div class=\"fusion-builder-row fusion-row fusion-flex-align-items-flex-start\" style=\"max-width:1248px;margin-left: calc(-4% \/ 2 );margin-right: calc(-4% \/ 2 );\"><div class=\"fusion-layout-column fusion_builder_column fusion-builder-column-0 fusion_builder_column_1_1 1_1 fusion-flex-column\"><div class=\"fusion-column-wrapper fusion-flex-justify-content-flex-start fusion-content-layout-column\" style=\"background-position:left top;background-repeat:no-repeat;-webkit-background-size:cover;-moz-background-size:cover;-o-background-size:cover;background-size:cover;padding: 0px 0px 0px 0px;\"><style type=\"text\/css\">@media only screen and (max-width:1024px) {.fusion-title.fusion-title-1{margin-top:10px!important;margin-bottom:30px!important;}}<\/style><div class=\"fusion-title title fusion-title-1 fusion-title-text fusion-title-size-one\" style=\"margin-top:10px;margin-bottom:30px;\"><div class=\"title-sep-container title-sep-container-left fusion-no-large-visibility fusion-no-medium-visibility fusion-no-small-visibility\"><div class=\"title-sep sep-\" style=\"border-color:#ae895d;\"><\/div><\/div><h1 class=\"title-heading-left\" style=\"margin:0;\">Radar de Egressos<\/h1><div class=\"title-sep-container title-sep-container-right\"><div class=\"title-sep sep-\" style=\"border-color:#ae895d;\"><\/div><\/div><\/div><div class=\"fusion-text fusion-text-1\"><p>O Programa de P\u00f3s-Gradua\u00e7\u00e3o em An\u00e1lise e Modelagem de Sistemas Ambientais (PPG-AMSA) do Instituto de Geoci\u00eancias\/UFMG foi criado em 2007, tendo, at\u00e9 o final de 2020, 140 defesas de mestrado realizadas. Em 2018, foi criado o curso de doutorado e, at\u00e9 o momento, contamos com 23 alunos matriculados, sendo que a procura pelo processo seletivo do nosso doutorado est\u00e1 em crescente desde a sua cria\u00e7\u00e3o. No ano de 2020, tivemos 174 candidatos inscritos em dois editais (Edital no \u00e2mbito do projeto CAPES\/EPIDEMIAS e no processo seletivo regular).<\/p>\n<p>Para a cria\u00e7\u00e3o deste Perfil dos Egressos, a coordena\u00e7\u00e3o do PPG-AMSA mapeou os ex-discentes do curso enviando dois question\u00e1rios (2016 e 2020) e foi atualizando os contatos atrav\u00e9s da consulta de seus perfis profissionais nas redes sociais. Foram consultadas as seguintes p\u00e1ginas na internet: Curr\u00edculo Lattes, Google Acad\u00eamico, Researchgate, Orcid, Linkedin, site da transpar\u00eancia da Uni\u00e3o, do Estado de Minas Gerais, do Munic\u00edpio de Belo Horizonte, al\u00e9m do site da transpar\u00eancias de outros munic\u00edpios, estados e empresas p\u00fablicas quando necess\u00e1rio. Depois desta coleta nas redes sociais, para completar as informa\u00e7\u00f5es que faltavam para 27 egressos, o PPG solicitou a participa\u00e7\u00e3o dos seus orientadores para fazer o contato e tamb\u00e9m enviou e-mail direto aos ex-alunos. Usando estas diferentes estrat\u00e9gias, dos 140 egressos, foram compiladas informa\u00e7\u00f5es do perfil de 135 egressos (96%), sendo que uma egressa, Val\u00e9ria Soares de Melo Franco, faleceu em 2019.<\/p>\n<p>O Perfil dos Egressos possui informa\u00e7\u00f5es sobre g\u00eanero, etnia, curso de gradua\u00e7\u00e3o, continua\u00e7\u00e3o dos estudos ap\u00f3s defesa, em quais institui\u00e7\u00f5es os egressos trabalham, cumprindo quais fun\u00e7\u00f5es, entre outros dados sobre os alunos que defenderam o mestrado entre 2009 e 2020.<\/p>\n<\/div><div class=\"fusion-text fusion-text-2\"><p><iframe id=\"11287\" src=\"https:\/\/maps.csr.ufmg.br\/calculator\/?queryid=397\" width=\"100%\" height=\"600\"><\/iframe><br \/>\n<strong>Para melhor visualiza\u00e7\u00e3o, <a href=\"https:\/\/maps.csr.ufmg.br\/calculator\/?queryid=397\">acesse em janela separada<\/a>.<\/strong><\/p>\n<\/div><div class=\"fusion-text fusion-text-3\"><ul>\n<li><a href=\"https:\/\/csr.ufmg.br\/ppgamsa\/wp-content\/uploads\/2021\/09\/Egressos-Lattes-e-Linkedin-2019-1.pdf\">Turma Mestrado 2019<\/a><\/li>\n<li><a href=\"https:\/\/csr.ufmg.br\/ppgamsa\/wp-content\/uploads\/2021\/09\/Egressos-Lattes-e-Linkedin-2018-1.pdf\">Turma Mestrado 2018<\/a><\/li>\n<li><a href=\"https:\/\/csr.ufmg.br\/ppgamsa\/wp-content\/uploads\/2021\/09\/Egressos-Lattes-e-Linkedin-2017-1.pdf\">Turma Mestrado 2017<\/a><\/li>\n<li><a href=\"https:\/\/csr.ufmg.br\/ppgamsa\/wp-content\/uploads\/2021\/09\/Egressos-Lattes-e-Linkedin-2016-1.pdf\">Turma Mestrado 2016<\/a><\/li>\n<li><a href=\"https:\/\/csr.ufmg.br\/ppgamsa\/wp-content\/uploads\/2021\/09\/Egressos-Lattes-e-Linkedin-2015-1.pdf\">Turma Mestrado 2015<\/a><\/li>\n<li><a href=\"https:\/\/csr.ufmg.br\/ppgamsa\/wp-content\/uploads\/2021\/09\/Egressos-Lattes-e-Linkedin-2014-1.pdf\">Turma Mestrado 2014<\/a><\/li>\n<li><a href=\"https:\/\/csr.ufmg.br\/ppgamsa\/wp-content\/uploads\/2021\/09\/Egressos-Lattes-e-Linkedin-2013-1.pdf\">Turma Mestrado 2013<\/a><\/li>\n<li><a href=\"https:\/\/csr.ufmg.br\/ppgamsa\/wp-content\/uploads\/2021\/09\/Egressos-Lattes-e-Linkedin-2012-1.pdf\">Turma Mestrado 2012<\/a><\/li>\n<li><a href=\"https:\/\/csr.ufmg.br\/ppgamsa\/wp-content\/uploads\/2021\/09\/Egressos-Lattes-e-Linkedin-2011.pdf\">Turma Mestrado 2011<\/a><\/li>\n<li><a href=\"https:\/\/csr.ufmg.br\/ppgamsa\/wp-content\/uploads\/2021\/09\/Egressos-Lattes-e-Linkedin-2010.pdf\">Turma Mestrado 2010<\/a><\/li>\n<li><a href=\"https:\/\/csr.ufmg.br\/ppgamsa\/wp-content\/uploads\/2021\/09\/Egressos-Lattes-e-Linkedin-2009.pdf\">Turma Mestrado 2009<\/a><\/li>\n<li><a href=\"https:\/\/csr.ufmg.br\/ppgamsa\/wp-content\/uploads\/2021\/09\/Egressos-Lattes-e-Linkedin-2008.pdf\">Turma Mestrado 2008<\/a><\/li>\n<li><a href=\"https:\/\/csr.ufmg.br\/ppgamsa\/wp-content\/uploads\/2021\/09\/Egressos-Lattes-e-Linkedin-2007.pdf\">Turma Mestrado 2007<\/a><\/li>\n<\/ul>\n<\/div><div class=\"fusion-text fusion-text-4\"><\/div><div class=\"fusion-separator fusion-has-icon fusion-full-width-sep\" style=\"align-self: center;margin-left: auto;margin-right: auto;margin-top:20px;margin-bottom:20px;width:100%;\"><div class=\"fusion-separator-border sep-single sep-solid\" style=\"border-color:#ae895d;border-top-width:1px;\"><\/div><span class=\"icon-wrapper\" style=\"border-color:transparent;font-size:15px;width: 1.75em; height: 1.75em;border-width:1px;padding:1px;margin-top:-0.5px\"><i class=\"fa-angle-double-down fas\" style=\"font-size: inherit;color:#ae895d;\" aria-hidden=\"true\"><\/i><\/span><div class=\"fusion-separator-border sep-single sep-solid\" style=\"border-color:#ae895d;border-top-width:1px;\"><\/div><\/div><\/div><\/div><style type=\"text\/css\">.fusion-body .fusion-builder-column-0{width:100% !important;margin-top : 0px;margin-bottom : 20px;}.fusion-builder-column-0 > .fusion-column-wrapper {padding-top : 0px !important;padding-right : 0px !important;margin-right : 1.92%;padding-bottom : 0px !important;padding-left : 0px !important;margin-left : 1.92%;}@media only screen and (max-width:1024px) {.fusion-body .fusion-builder-column-0{width:100% !important;order : 0;}.fusion-builder-column-0 > .fusion-column-wrapper {margin-right : 1.92%;margin-left : 1.92%;}}@media only screen and (max-width:640px) {.fusion-body .fusion-builder-column-0{width:100% !important;order : 0;}.fusion-builder-column-0 > .fusion-column-wrapper {margin-right : 1.92%;margin-left : 1.92%;}}<\/style><\/div><style type=\"text\/css\">.fusion-body .fusion-flex-container.fusion-builder-row-1{ padding-top : 0px;margin-top : 0px;padding-right : 0px;padding-bottom : 0px;margin-bottom : 0px;padding-left : 0px;}<\/style><\/div>\n","protected":false},"excerpt":{"rendered":"","protected":false},"author":3,"featured_media":0,"parent":13,"menu_order":6,"comment_status":"closed","ping_status":"closed","template":"","meta":[],"_links":{"self":[{"href":"https:\/\/csr.ufmg.br\/ppgamsa\/wp-json\/wp\/v2\/pages\/220"}],"collection":[{"href":"https:\/\/csr.ufmg.br\/ppgamsa\/wp-json\/wp\/v2\/pages"}],"about":[{"href":"https:\/\/csr.ufmg.br\/ppgamsa\/wp-json\/wp\/v2\/types\/page"}],"author":[{"embeddable":true,"href":"https:\/\/csr.ufmg.br\/ppgamsa\/wp-json\/wp\/v2\/users\/3"}],"replies":[{"embeddable":true,"href":"https:\/\/csr.ufmg.br\/ppgamsa\/wp-json\/wp\/v2\/comments?post=220"}],"version-history":[{"count":17,"href":"https:\/\/csr.ufmg.br\/ppgamsa\/wp-json\/wp\/v2\/pages\/220\/revisions"}],"predecessor-version":[{"id":1725,"href":"https:\/\/csr.ufmg.br\/ppgamsa\/wp-json\/wp\/v2\/pages\/220\/revisions\/1725"}],"up":[{"embeddable":true,"href":"https:\/\/csr.ufmg.br\/ppgamsa\/wp-json\/wp\/v2\/pages\/13"}],"wp:attachment":[{"href":"https:\/\/csr.ufmg.br\/ppgamsa\/wp-json\/wp\/v2\/media?parent=220"}],"curies":[{"name":"wp","href":"https:\/\/api.w.org\/{rel}","templated":true}]}}