{"id":2363,"date":"2024-09-12T11:38:48","date_gmt":"2024-09-12T14:38:48","guid":{"rendered":"https:\/\/csr.ufmg.br\/ppgamsa\/?page_id=2363"},"modified":"2026-04-14T12:14:02","modified_gmt":"2026-04-14T15:14:02","slug":"processos-seletivos","status":"publish","type":"page","link":"https:\/\/csr.ufmg.br\/ppgamsa\/br\/processos-seletivos\/","title":{"rendered":"Processos Seletivos"},"content":{"rendered":"<div class=\"fusion-fullwidth fullwidth-box fusion-builder-row-1 fusion-flex-container nonhundred-percent-fullwidth non-hundred-percent-height-scrolling\" style=\"background-color: rgba(255,255,255,0);background-position: center center;background-repeat: no-repeat;border-width: 0px 0px 0px 0px;border-color:#eae9e9;border-style:solid;\" ><div class=\"fusion-builder-row fusion-row fusion-flex-align-items-flex-start\" style=\"max-width:1248px;margin-left: calc(-4% \/ 2 );margin-right: calc(-4% \/ 2 );\"><div class=\"fusion-layout-column fusion_builder_column fusion-builder-column-0 fusion_builder_column_1_1 1_1 fusion-flex-column\"><div class=\"fusion-column-wrapper fusion-flex-justify-content-flex-start fusion-content-layout-column\" style=\"background-position:left top;background-repeat:no-repeat;-webkit-background-size:cover;-moz-background-size:cover;-o-background-size:cover;background-size:cover;padding: 0px 0px 0px 0px;\"><div class=\"fusion-blog-shortcode fusion-blog-shortcode-1 fusion-blog-archive fusion-blog-layout-large fusion-blog-pagination fusion-blog-no-images\"><div class=\"fusion-posts-container fusion-posts-container-pagination\" data-pages=\"4\"><article id=\"blog-1-post-3355\" class=\"fusion-post-large post-3355 post type-post status-publish format-standard hentry category-2026-2 category-processos-seletivos\">\n<div class=\"fusion-post-content post-content\"><h2 class=\"blog-shortcode-post-title entry-title\"><a href=\"https:\/\/csr.ufmg.br\/ppgamsa\/processo-seletivo-2026-2-publicacao-dos-editais\/\">Processo Seletivo 2026\/2 &#8211; Publica\u00e7\u00e3o dos Editais<\/a><\/h2><div class=\"fusion-post-content-container\"><p>A Coordena\u00e7\u00e3o do Programa de P\u00f3s-Gradua\u00e7\u00e3o em An\u00e1lise e Modelagem de Sistemas Ambientais torna p\u00fablica a abertura dos Editais Regular e Suplementar de sele\u00e7\u00e3o para [...]<\/p><\/div><\/div><div class=\"fusion-clearfix\"><\/div><div class=\"fusion-meta-info\"><div class=\"fusion-alignleft\"><span class=\"vcard\" style=\"display: none;\"><span class=\"fn\"><a href=\"https:\/\/csr.ufmg.br\/ppgamsa\/author\/modelagem\/\" title=\"Posts de Secretaria\" rel=\"author\">Secretaria<\/a><\/span><\/span><span class=\"updated\" style=\"display:none;\">2026-04-23T08:58:05-03:00<\/span><span>30 de mar\u00e7o de 2026<\/span><span class=\"fusion-inline-sep\">|<\/span><a href=\"https:\/\/csr.ufmg.br\/ppgamsa\/category\/processos-seletivos\/2026-2\/\" rel=\"category tag\">2026\/2<\/a>, <a href=\"https:\/\/csr.ufmg.br\/ppgamsa\/category\/processos-seletivos\/\" rel=\"category tag\">Processos Seletivos<\/a><span class=\"fusion-inline-sep\">|<\/span><\/div><\/div><\/article>\n<article id=\"blog-1-post-3143\" class=\"fusion-post-large post-3143 post type-post status-publish format-standard hentry category-2025-2-vagas-remanescentes\">\n<div class=\"fusion-post-content post-content\"><h2 class=\"blog-shortcode-post-title entry-title\"><a href=\"https:\/\/csr.ufmg.br\/ppgamsa\/3143-2\/\">Resultado Final &#8211; Edital Regular de Sele\u00e7\u00e3o N\u00ba 001\/2025 &#8211; Doutorado &#8211; Vaga Remanescente<\/a><\/h2><div class=\"fusion-post-content-container\"><p>O Coordenador do Colegiado do Programa de P\u00f3s-gradua\u00e7\u00e3o em An\u00e1lise e Modelagem de Sistemas Ambientais (PPG-AMSA) do Instituto de Geoci\u00eancias da Universidade Federal de Minas [...]<\/p><\/div><\/div><div class=\"fusion-clearfix\"><\/div><div class=\"fusion-meta-info\"><div class=\"fusion-alignleft\"><span class=\"vcard\" style=\"display: none;\"><span class=\"fn\"><a href=\"https:\/\/csr.ufmg.br\/ppgamsa\/author\/modelagem\/\" title=\"Posts de Secretaria\" rel=\"author\">Secretaria<\/a><\/span><\/span><span class=\"updated\" style=\"display:none;\">2026-04-17T11:22:52-03:00<\/span><span>1 de dezembro de 2025<\/span><span class=\"fusion-inline-sep\">|<\/span><a href=\"https:\/\/csr.ufmg.br\/ppgamsa\/category\/processos-seletivos\/2025-2-vagas-remanescentes\/\" rel=\"category tag\">2025\/2 - Vagas Remanescentes<\/a><span class=\"fusion-inline-sep\">|<\/span><\/div><\/div><\/article>\n<article id=\"blog-1-post-3130\" class=\"fusion-post-large post-3130 post type-post status-publish format-standard hentry category-2025-2-vagas-remanescentes category-noticias\">\n<div class=\"fusion-post-content post-content\"><h2 class=\"blog-shortcode-post-title entry-title\"><a href=\"https:\/\/csr.ufmg.br\/ppgamsa\/link-de-acesso-2a-etapa-do-processo-seletivo-doutorado-vaga-remanescente\/\">Link de acesso: 2\u00aa Etapa do Processo Seletivo Doutorado &#8211; Vaga Remanescente<\/a><\/h2><div class=\"fusion-post-content-container\"><p>A Secretaria do Programa de P\u00f3s-Gradua\u00e7\u00e3o em An\u00e1lise e Modelagem de Sistemas Ambientais\u00a0(PPG-AMSA)\u00a0do Instituto de Geoci\u00eancias da Universidade Federal de Minas Gerais\u00a0DIVULGA\u00a0o link para acesso [...]<\/p><\/div><\/div><div class=\"fusion-clearfix\"><\/div><div class=\"fusion-meta-info\"><div class=\"fusion-alignleft\"><span class=\"vcard\" style=\"display: none;\"><span class=\"fn\"><a href=\"https:\/\/csr.ufmg.br\/ppgamsa\/author\/modelagem\/\" title=\"Posts de Secretaria\" rel=\"author\">Secretaria<\/a><\/span><\/span><span class=\"updated\" style=\"display:none;\">2025-11-25T10:44:58-02:00<\/span><span>25 de novembro de 2025<\/span><span class=\"fusion-inline-sep\">|<\/span><a href=\"https:\/\/csr.ufmg.br\/ppgamsa\/category\/processos-seletivos\/2025-2-vagas-remanescentes\/\" rel=\"category tag\">2025\/2 - Vagas Remanescentes<\/a>, <a href=\"https:\/\/csr.ufmg.br\/ppgamsa\/category\/noticias\/\" rel=\"category tag\">Not\u00edcias<\/a><span class=\"fusion-inline-sep\">|<\/span><\/div><\/div><\/article>\n<article id=\"blog-1-post-3117\" class=\"fusion-post-large post-3117 post type-post status-publish format-standard hentry category-2025-2-vagas-remanescentes category-noticias\">\n<div class=\"fusion-post-content post-content\"><h2 class=\"blog-shortcode-post-title entry-title\"><a href=\"https:\/\/csr.ufmg.br\/ppgamsa\/processo-seletivo-doutorado-vaga-remanescente-resultado-da-1a-etapa\/\">Processo Seletivo Doutorado &#8211; Vaga Remanescente: Resultado da 1\u00aa Etapa<\/a><\/h2><div class=\"fusion-post-content-container\"><p>O Coordenador do Programa de P\u00f3s-Gradua\u00e7\u00e3o em An\u00e1lise e Modelagem de Sistemas Ambientais faz saber que, conforme o Edital n\u00ba 001\/2025, DIVULGA o resultado da [...]<\/p><\/div><\/div><div class=\"fusion-clearfix\"><\/div><div class=\"fusion-meta-info\"><div class=\"fusion-alignleft\"><span class=\"vcard\" style=\"display: none;\"><span class=\"fn\"><a href=\"https:\/\/csr.ufmg.br\/ppgamsa\/author\/modelagem\/\" title=\"Posts de Secretaria\" rel=\"author\">Secretaria<\/a><\/span><\/span><span class=\"updated\" style=\"display:none;\">2026-04-17T11:23:46-03:00<\/span><span>21 de novembro de 2025<\/span><span class=\"fusion-inline-sep\">|<\/span><a href=\"https:\/\/csr.ufmg.br\/ppgamsa\/category\/processos-seletivos\/2025-2-vagas-remanescentes\/\" rel=\"category tag\">2025\/2 - Vagas Remanescentes<\/a>, <a href=\"https:\/\/csr.ufmg.br\/ppgamsa\/category\/noticias\/\" rel=\"category tag\">Not\u00edcias<\/a><span class=\"fusion-inline-sep\">|<\/span><\/div><\/div><\/article>\n<article id=\"blog-1-post-3100\" class=\"fusion-post-large post-3100 post type-post status-publish format-standard hentry category-2025-2-vagas-remanescentes category-noticias\">\n<div class=\"fusion-post-content post-content\"><h2 class=\"blog-shortcode-post-title entry-title\"><a href=\"https:\/\/csr.ufmg.br\/ppgamsa\/homologacao-das-inscricoes-doutorado-vaga-remanescente\/\">Homologa\u00e7\u00e3o das Inscri\u00e7\u00f5es &#8211; Doutorado Vaga Remanescente<\/a><\/h2><div class=\"fusion-post-content-container\"><p>O Coordenador do Programa de P\u00f3s-Gradua\u00e7\u00e3o em An\u00e1lise e Modelagem de Sistemas Ambientais faz saber que, conforme os Editais n\u00ba 001\/2025 e 002\/2025, Homologa as [...]<\/p><\/div><\/div><div class=\"fusion-clearfix\"><\/div><div class=\"fusion-meta-info\"><div class=\"fusion-alignleft\"><span class=\"vcard\" style=\"display: none;\"><span class=\"fn\"><a href=\"https:\/\/csr.ufmg.br\/ppgamsa\/author\/modelagem\/\" title=\"Posts de Secretaria\" rel=\"author\">Secretaria<\/a><\/span><\/span><span class=\"updated\" style=\"display:none;\">2026-04-17T11:24:20-03:00<\/span><span>17 de novembro de 2025<\/span><span class=\"fusion-inline-sep\">|<\/span><a href=\"https:\/\/csr.ufmg.br\/ppgamsa\/category\/processos-seletivos\/2025-2-vagas-remanescentes\/\" rel=\"category tag\">2025\/2 - Vagas Remanescentes<\/a>, <a href=\"https:\/\/csr.ufmg.br\/ppgamsa\/category\/noticias\/\" rel=\"category tag\">Not\u00edcias<\/a><span class=\"fusion-inline-sep\">|<\/span><\/div><\/div><\/article>\n<article id=\"blog-1-post-3033\" class=\"fusion-post-large post-3033 post type-post status-publish format-standard hentry category-2025-2 category-noticias category-processos-seletivos\">\n<div class=\"fusion-post-content post-content\"><h2 class=\"blog-shortcode-post-title entry-title\"><a href=\"https:\/\/csr.ufmg.br\/ppgamsa\/edital-do-processo-seletivo-doutorado-2025-vaga-remanescente\/\">Edital do Processo Seletivo Doutorado 2025 &#8211; Vaga Remanescente<\/a><\/h2><div class=\"fusion-post-content-container\"><p>O Coordenador do Programa de P\u00f3s-Gradua\u00e7\u00e3o em An\u00e1lise e Modelagem de Sistemas Ambientais do Instituto de Geoci\u00eancias da Universidade Federal de Minas Gerais FAZ SABER [...]<\/p><\/div><\/div><div class=\"fusion-clearfix\"><\/div><div class=\"fusion-meta-info\"><div class=\"fusion-alignleft\"><span class=\"vcard\" style=\"display: none;\"><span class=\"fn\"><a href=\"https:\/\/csr.ufmg.br\/ppgamsa\/author\/modelagem\/\" title=\"Posts de Secretaria\" rel=\"author\">Secretaria<\/a><\/span><\/span><span class=\"updated\" style=\"display:none;\">2025-10-31T10:41:25-02:00<\/span><span>16 de outubro de 2025<\/span><span class=\"fusion-inline-sep\">|<\/span><a href=\"https:\/\/csr.ufmg.br\/ppgamsa\/category\/processos-seletivos\/2025-2\/\" rel=\"category tag\">2025\/2<\/a>, <a href=\"https:\/\/csr.ufmg.br\/ppgamsa\/category\/noticias\/\" rel=\"category tag\">Not\u00edcias<\/a>, <a href=\"https:\/\/csr.ufmg.br\/ppgamsa\/category\/processos-seletivos\/\" rel=\"category tag\">Processos Seletivos<\/a><span class=\"fusion-inline-sep\">|<\/span><\/div><\/div><\/article>\n<article id=\"blog-1-post-2859\" class=\"fusion-post-large post-2859 post type-post status-publish format-standard hentry category-2025-1-pos-doc category-sem-categoria-pt\">\n<div class=\"fusion-post-content post-content\"><h2 class=\"blog-shortcode-post-title entry-title\"><a href=\"https:\/\/csr.ufmg.br\/ppgamsa\/resultado-final-da-selecao-bolsista-residente-pos-doutoral\/\">RESULTADO FINAL DA SELE\u00c7\u00c3O BOLSISTA RESIDENTE P\u00d3S-DOUTORAL<\/a><\/h2><div class=\"fusion-post-content-container\"><p>O Coordenador do Colegiado do Programa de P\u00f3s-gradua\u00e7\u00e3o em An\u00e1lise e Modelagem de Sistemas Ambientais (PPG-AMSA) divulga o resultado final da sele\u00e7\u00e3o de Bolsista Residente [...]<\/p><\/div><\/div><div class=\"fusion-clearfix\"><\/div><div class=\"fusion-meta-info\"><div class=\"fusion-alignleft\"><span class=\"vcard\" style=\"display: none;\"><span class=\"fn\"><a href=\"https:\/\/csr.ufmg.br\/ppgamsa\/author\/modelagem\/\" title=\"Posts de Secretaria\" rel=\"author\">Secretaria<\/a><\/span><\/span><span class=\"updated\" style=\"display:none;\">2025-07-08T09:08:00-03:00<\/span><span>8 de julho de 2025<\/span><span class=\"fusion-inline-sep\">|<\/span><a href=\"https:\/\/csr.ufmg.br\/ppgamsa\/category\/processos-seletivos\/2025-1-pos-doc\/\" rel=\"category tag\">2025\/1 P\u00f3s-Doc<\/a>, <a href=\"https:\/\/csr.ufmg.br\/ppgamsa\/category\/sem-categoria-pt\/\" rel=\"category tag\">Sem categoria<\/a><span class=\"fusion-inline-sep\">|<\/span><\/div><\/div><\/article>\n<article id=\"blog-1-post-2855\" class=\"fusion-post-large post-2855 post type-post status-publish format-standard hentry category-2025-1 category-noticias\">\n<div class=\"fusion-post-content post-content\"><h2 class=\"blog-shortcode-post-title entry-title\"><a href=\"https:\/\/csr.ufmg.br\/ppgamsa\/resultado-heteroidentificacao\/\">Resultado &#8211; Heteroidentifica\u00e7\u00e3o<\/a><\/h2><div class=\"fusion-post-content-container\"><p>Resultado do procedimento de heteroidentifica\u00e7\u00e3o, realizado pela Comiss\u00e3o Permanente de A\u00e7\u00f5es Afirmativas e Inclus\u00e3o da UFMG \u2013 CPPAI resultado<\/p><\/div><\/div><div class=\"fusion-clearfix\"><\/div><div class=\"fusion-meta-info\"><div class=\"fusion-alignleft\"><span class=\"vcard\" style=\"display: none;\"><span class=\"fn\"><a href=\"https:\/\/csr.ufmg.br\/ppgamsa\/author\/modelagem\/\" title=\"Posts de Secretaria\" rel=\"author\">Secretaria<\/a><\/span><\/span><span class=\"updated\" style=\"display:none;\">2025-07-07T11:12:38-03:00<\/span><span>7 de julho de 2025<\/span><span class=\"fusion-inline-sep\">|<\/span><a href=\"https:\/\/csr.ufmg.br\/ppgamsa\/category\/processos-seletivos\/2025-1\/\" rel=\"category tag\">2025\/1<\/a>, <a href=\"https:\/\/csr.ufmg.br\/ppgamsa\/category\/noticias\/\" rel=\"category tag\">Not\u00edcias<\/a><span class=\"fusion-inline-sep\">|<\/span><\/div><\/div><\/article>\n<article id=\"blog-1-post-2851\" class=\"fusion-post-large post-2851 post type-post status-publish format-standard hentry category-2025-1-pos-doc category-noticias category-processos-seletivos\">\n<div class=\"fusion-post-content post-content\"><h2 class=\"blog-shortcode-post-title entry-title\"><a href=\"https:\/\/csr.ufmg.br\/ppgamsa\/cronograma-bolsista-de-pos-doutorado-2025\/\">CRONOGRAMA &#8211; BOLSISTA DE P\u00d3S-DOUTORADO 2025<\/a><\/h2><div class=\"fusion-post-content-container\"><p>SEI_4349066_Despacho<\/p><\/div><\/div><div class=\"fusion-clearfix\"><\/div><div class=\"fusion-meta-info\"><div class=\"fusion-alignleft\"><span class=\"vcard\" style=\"display: none;\"><span class=\"fn\"><a href=\"https:\/\/csr.ufmg.br\/ppgamsa\/author\/modelagem\/\" title=\"Posts de Secretaria\" rel=\"author\">Secretaria<\/a><\/span><\/span><span class=\"updated\" style=\"display:none;\">2025-07-04T11:18:39-03:00<\/span><span>4 de julho de 2025<\/span><span class=\"fusion-inline-sep\">|<\/span><a href=\"https:\/\/csr.ufmg.br\/ppgamsa\/category\/processos-seletivos\/2025-1-pos-doc\/\" rel=\"category tag\">2025\/1 P\u00f3s-Doc<\/a>, <a href=\"https:\/\/csr.ufmg.br\/ppgamsa\/category\/noticias\/\" rel=\"category tag\">Not\u00edcias<\/a>, <a href=\"https:\/\/csr.ufmg.br\/ppgamsa\/category\/processos-seletivos\/\" rel=\"category tag\">Processos Seletivos<\/a><span class=\"fusion-inline-sep\">|<\/span><\/div><\/div><\/article>\n<article id=\"blog-1-post-2845\" class=\"fusion-post-large post-2845 post type-post status-publish format-standard hentry category-2025-1-pos-doc category-noticias category-processos-seletivos\">\n<div class=\"fusion-post-content post-content\"><h2 class=\"blog-shortcode-post-title entry-title\"><a href=\"https:\/\/csr.ufmg.br\/ppgamsa\/homologacao-das-inscricoes-do-processo-seletivo-bolsista-residente-pos-doutoral\/\">Homologa\u00e7\u00e3o das inscri\u00e7\u00f5es do Processo Seletivo &#8211; Bolsista Residente P\u00f3s-Doutoral<\/a><\/h2><div class=\"fusion-post-content-container\"><p>A Secretaria do Programa de P\u00f3s-Gradua\u00e7\u00e3o em An\u00e1lise e Modelagem de Sistemas Ambientais faz saber que, tendo se encerrado o prazo de inscri\u00e7\u00f5es, conforme o [...]<\/p><\/div><\/div><div class=\"fusion-clearfix\"><\/div><div class=\"fusion-meta-info\"><div class=\"fusion-alignleft\"><span class=\"vcard\" style=\"display: none;\"><span class=\"fn\"><a href=\"https:\/\/csr.ufmg.br\/ppgamsa\/author\/modelagem\/\" title=\"Posts de Secretaria\" rel=\"author\">Secretaria<\/a><\/span><\/span><span class=\"updated\" style=\"display:none;\">2025-07-03T12:53:49-03:00<\/span><span>3 de julho de 2025<\/span><span class=\"fusion-inline-sep\">|<\/span><a href=\"https:\/\/csr.ufmg.br\/ppgamsa\/category\/processos-seletivos\/2025-1-pos-doc\/\" rel=\"category tag\">2025\/1 P\u00f3s-Doc<\/a>, <a href=\"https:\/\/csr.ufmg.br\/ppgamsa\/category\/noticias\/\" rel=\"category tag\">Not\u00edcias<\/a>, <a href=\"https:\/\/csr.ufmg.br\/ppgamsa\/category\/processos-seletivos\/\" rel=\"category tag\">Processos Seletivos<\/a><span class=\"fusion-inline-sep\">|<\/span><\/div><\/div><\/article>\n<\/div><div class=\"pagination clearfix\"><span class=\"current\">1<\/span><a href=\"https:\/\/csr.ufmg.br\/ppgamsa\/wp-json\/wp\/v2\/pages\/2363\/page\/2\/\" class=\"inactive\">2<\/a><a class=\"pagination-next\" rel=\"next\" href=\"https:\/\/csr.ufmg.br\/ppgamsa\/wp-json\/wp\/v2\/pages\/2363\/page\/2\/\"><span class=\"page-text\">Pr\u00f3ximo<\/span><span class=\"page-next\"><\/span><\/a><\/div><div class=\"fusion-clearfix\"><\/div><\/div><\/div><\/div><style type=\"text\/css\">.fusion-body .fusion-builder-column-0{width:100% !important;margin-top : 0px;margin-bottom : 20px;}.fusion-builder-column-0 > .fusion-column-wrapper {padding-top : 0px !important;padding-right : 0px !important;margin-right : 1.92%;padding-bottom : 0px !important;padding-left : 0px !important;margin-left : 1.92%;}@media only screen and (max-width:1024px) {.fusion-body .fusion-builder-column-0{width:100% !important;order : 0;}.fusion-builder-column-0 > .fusion-column-wrapper {margin-right : 1.92%;margin-left : 1.92%;}}@media only screen and (max-width:640px) {.fusion-body .fusion-builder-column-0{width:100% !important;order : 0;}.fusion-builder-column-0 > .fusion-column-wrapper {margin-right : 1.92%;margin-left : 1.92%;}}<\/style><\/div><style type=\"text\/css\">.fusion-body .fusion-flex-container.fusion-builder-row-1{ padding-top : 0px;margin-top : 0px;padding-right : 0px;padding-bottom : 0px;margin-bottom : 0px;padding-left : 0px;}<\/style><\/div>\n","protected":false},"excerpt":{"rendered":"","protected":false},"author":4,"featured_media":0,"parent":13,"menu_order":4,"comment_status":"closed","ping_status":"closed","template":"","meta":[],"_links":{"self":[{"href":"https:\/\/csr.ufmg.br\/ppgamsa\/wp-json\/wp\/v2\/pages\/2363"}],"collection":[{"href":"https:\/\/csr.ufmg.br\/ppgamsa\/wp-json\/wp\/v2\/pages"}],"about":[{"href":"https:\/\/csr.ufmg.br\/ppgamsa\/wp-json\/wp\/v2\/types\/page"}],"author":[{"embeddable":true,"href":"https:\/\/csr.ufmg.br\/ppgamsa\/wp-json\/wp\/v2\/users\/4"}],"replies":[{"embeddable":true,"href":"https:\/\/csr.ufmg.br\/ppgamsa\/wp-json\/wp\/v2\/comments?post=2363"}],"version-history":[{"count":6,"href":"https:\/\/csr.ufmg.br\/ppgamsa\/wp-json\/wp\/v2\/pages\/2363\/revisions"}],"predecessor-version":[{"id":2737,"href":"https:\/\/csr.ufmg.br\/ppgamsa\/wp-json\/wp\/v2\/pages\/2363\/revisions\/2737"}],"up":[{"embeddable":true,"href":"https:\/\/csr.ufmg.br\/ppgamsa\/wp-json\/wp\/v2\/pages\/13"}],"wp:attachment":[{"href":"https:\/\/csr.ufmg.br\/ppgamsa\/wp-json\/wp\/v2\/media?parent=2363"}],"curies":[{"name":"wp","href":"https:\/\/api.w.org\/{rel}","templated":true}]}}