{"id":2472,"date":"2025-02-27T13:33:36","date_gmt":"2025-02-27T16:33:36","guid":{"rendered":"https:\/\/csr.ufmg.br\/ppgamsa\/?page_id=2472"},"modified":"2025-02-27T13:33:36","modified_gmt":"2025-02-27T16:33:36","slug":"enrollment","status":"publish","type":"page","link":"https:\/\/csr.ufmg.br\/ppgamsa\/home\/aacademic-office\/enrollment\/","title":{"rendered":"Enrollment"},"content":{"rendered":"<div class=\"fusion-fullwidth fullwidth-box fusion-builder-row-1 fusion-flex-container nonhundred-percent-fullwidth non-hundred-percent-height-scrolling\" style=\"background-color: rgba(255,255,255,0);background-position: center center;background-repeat: no-repeat;border-width: 0px 0px 0px 0px;border-color:#eae9e9;border-style:solid;\" ><div class=\"fusion-builder-row fusion-row fusion-flex-align-items-flex-start\" style=\"max-width:1248px;margin-left: calc(-4% \/ 2 );margin-right: calc(-4% \/ 2 );\"><div class=\"fusion-layout-column fusion_builder_column fusion-builder-column-0 fusion_builder_column_1_1 1_1 fusion-flex-column\"><div class=\"fusion-column-wrapper fusion-flex-justify-content-flex-start fusion-content-layout-column\" style=\"background-position:left top;background-repeat:no-repeat;-webkit-background-size:cover;-moz-background-size:cover;-o-background-size:cover;background-size:cover;padding: 0px 0px 0px 0px;\"><style type=\"text\/css\">@media only screen and (max-width:1024px) {.fusion-title.fusion-title-1{margin-top:0px!important;margin-bottom:20px!important;}}<\/style><div class=\"fusion-title title fusion-title-1 fusion-title-text fusion-title-size-one\" style=\"margin-top:0px;margin-bottom:20px;\"><div class=\"title-sep-container title-sep-container-left fusion-no-large-visibility fusion-no-medium-visibility fusion-no-small-visibility\"><div class=\"title-sep sep-\" style=\"border-color:#ae895d;\"><\/div><\/div><h1 class=\"title-heading-left\" style=\"margin:0;\">Enrollment<\/h1><div class=\"title-sep-container title-sep-container-right\"><div class=\"title-sep sep-\" style=\"border-color:#ae895d;\"><\/div><\/div><\/div><div class=\"fusion-text fusion-text-1\"><p>Enrollment takes place each academic semester on the dates established in the UFMG <a href=\"https:\/\/ufmg.br\/a-universidade\/calendario-academico\">Academic Calendar<\/a>.<\/p>\n<p>New students will receive a notification from the office with instructions for their first enrollment. Those who are already students must request their registration through <a href=\"https:\/\/sistemas.ufmg.br\/idp\/login.jsp\">Minha UFMG<\/a>.<\/p>\n<p>If you have any questions, please contact the PPGAMSA office.<\/p>\n<\/div><div class=\"fusion-separator fusion-has-icon fusion-full-width-sep\" style=\"align-self: center;margin-left: auto;margin-right: auto;margin-bottom:20px;width:100%;\"><div class=\"fusion-separator-border sep-single sep-solid\" style=\"border-color:#ae895d;border-top-width:1px;\"><\/div><span class=\"icon-wrapper\" style=\"border-color:transparent;font-size:15px;width: 1.75em; height: 1.75em;border-width:1px;padding:1px;margin-top:-0.5px\"><i class=\"fa-caret-square-down fas\" style=\"font-size: inherit;color:#ae895d;\" aria-hidden=\"true\"><\/i><\/span><div class=\"fusion-separator-border sep-single sep-solid\" style=\"border-color:#ae895d;border-top-width:1px;\"><\/div><\/div><style type=\"text\/css\">@media only screen and (max-width:1024px) {.fusion-title.fusion-title-2{margin-top:0px!important;margin-bottom:20px!important;}}<\/style><div class=\"fusion-title title fusion-title-2 fusion-title-text fusion-title-size-one\" style=\"margin-top:0px;margin-bottom:20px;\"><div class=\"title-sep-container title-sep-container-left fusion-no-large-visibility fusion-no-medium-visibility fusion-no-small-visibility\"><div class=\"title-sep sep-\" style=\"border-color:#ae895d;\"><\/div><\/div><h1 class=\"title-heading-left\" style=\"margin:0;\">Related news<\/h1><div class=\"title-sep-container title-sep-container-right\"><div class=\"title-sep sep-\" style=\"border-color:#ae895d;\"><\/div><\/div><\/div><div class=\"fusion-recent-posts fusion-recent-posts-1 avada-container layout-default layout-columns-1\"><section class=\"fusion-columns columns fusion-columns-1 columns-1\"><article class=\"post fusion-column column col col-lg-12 col-md-12 col-sm-12\"><div class=\"recent-posts-content\"><span class=\"vcard\" style=\"display: none;\"><span class=\"fn\"><a href=\"https:\/\/csr.ufmg.br\/ppgamsa\/author\/modelagem\/\" title=\"Posts de Secretaria\" rel=\"author\">Secretaria<\/a><\/span><\/span><span class=\"updated\" style=\"display:none;\">2026-03-30T19:01:26-03:00<\/span><h4 class=\"entry-title\"><a href=\"https:\/\/csr.ufmg.br\/ppgamsa\/processo-seletivo-2026-2-publicacao-dos-editais\/\">Processo Seletivo 2026\/2 &#8211; Publica\u00e7\u00e3o dos Editais<\/a><\/h4><p class=\"meta\"><span class=\"vcard\" style=\"display: none;\"><span class=\"fn\"><a href=\"https:\/\/csr.ufmg.br\/ppgamsa\/author\/modelagem\/\" title=\"Posts de Secretaria\" rel=\"author\">Secretaria<\/a><\/span><\/span><span class=\"updated\" style=\"display:none;\">2026-03-30T19:01:26-03:00<\/span><span>30 de mar\u00e7o de 2026<\/span><span class=\"fusion-inline-sep\">|<\/span><a href=\"https:\/\/csr.ufmg.br\/ppgamsa\/category\/processos-seletivos\/2026-1\/\" rel=\"category tag\">2026\/1<\/a><span class=\"fusion-inline-sep\">|<\/span><\/p><p>A Coordena\u00e7\u00e3o do Programa de P\u00f3s-Gradua\u00e7\u00e3o em An\u00e1lise e Modelagem de Sistemas Ambientais torna p\u00fablica a abertura dos Editais Regular e Suplementar de sele\u00e7\u00e3o para os cursos de Mestrado e Doutorado. As inscri\u00e7\u00f5es estar\u00e3o abertas [...]<\/p><\/div><\/article><article class=\"post fusion-column column col col-lg-12 col-md-12 col-sm-12\"><div class=\"recent-posts-content\"><span class=\"vcard\" style=\"display: none;\"><span class=\"fn\"><a href=\"https:\/\/csr.ufmg.br\/ppgamsa\/author\/modelagem\/\" title=\"Posts de Secretaria\" rel=\"author\">Secretaria<\/a><\/span><\/span><span class=\"updated\" style=\"display:none;\">2026-03-27T20:19:53-03:00<\/span><h4 class=\"entry-title\"><a href=\"https:\/\/csr.ufmg.br\/ppgamsa\/deu-no-g1-projeto-da-profa-camila-palhares-foi-destaque-em-reportagem-sobre-poluicao-luminosa-e-seus-impactos-no-meio-ambiente\/\">Deu no G1! Projeto da Prof\u00aa. Camila Palhares foi destaque em reportagem sobre polui\u00e7\u00e3o luminosa e seus impactos no meio ambiente<\/a><\/h4><p class=\"meta\"><span class=\"vcard\" style=\"display: none;\"><span class=\"fn\"><a href=\"https:\/\/csr.ufmg.br\/ppgamsa\/author\/modelagem\/\" title=\"Posts de Secretaria\" rel=\"author\">Secretaria<\/a><\/span><\/span><span class=\"updated\" style=\"display:none;\">2026-03-27T20:19:53-03:00<\/span><span>27 de mar\u00e7o de 2026<\/span><span class=\"fusion-inline-sep\">|<\/span><a href=\"https:\/\/csr.ufmg.br\/ppgamsa\/category\/sem-categoria-pt\/\" rel=\"category tag\">Sem categoria<\/a><span class=\"fusion-inline-sep\">|<\/span><\/p><p>Orgulho do PPG-AMSA! Nossa professora Camila Palhares Teixeira e nossa egressa Jana\u00edna Aguiar foram destaque em reportagem sobre polui\u00e7\u00e3o luminosa e seus impactos no meio ambiente. Veja a mat\u00e9ria completa aqui &lt;https:\/\/g1.globo.com\/ms\/mato-grosso-do-sul\/videos-bom-dia-ms\/video\/excesso-de-luz-nas-cidades-preocupa-pesquisadores-e-ameaca-a-biodiversidade-14471147.ghtml&gt; \ud83c\udfa5 Fonte: G1 [...]<\/p><\/div><\/article><article class=\"post fusion-column column col col-lg-12 col-md-12 col-sm-12\"><div class=\"recent-posts-content\"><span class=\"vcard\" style=\"display: none;\"><span class=\"fn\"><a href=\"https:\/\/csr.ufmg.br\/ppgamsa\/author\/modelagem\/\" title=\"Posts de Secretaria\" rel=\"author\">Secretaria<\/a><\/span><\/span><span class=\"updated\" style=\"display:none;\">2026-03-24T12:41:57-03:00<\/span><h4 class=\"entry-title\"><a href=\"https:\/\/csr.ufmg.br\/ppgamsa\/defesa-de-qualificacao-de-doutorado-da-aluna-sissy-de-andrade-ferreira\/\">Defesa de Qualifica\u00e7\u00e3o de Doutorado da aluna SISSY DE ANDRADE FERREIRA<\/a><\/h4><p class=\"meta\"><span class=\"vcard\" style=\"display: none;\"><span class=\"fn\"><a href=\"https:\/\/csr.ufmg.br\/ppgamsa\/author\/modelagem\/\" title=\"Posts de Secretaria\" rel=\"author\">Secretaria<\/a><\/span><\/span><span class=\"updated\" style=\"display:none;\">2026-03-24T12:41:57-03:00<\/span><span>24 de mar\u00e7o de 2026<\/span><span class=\"fusion-inline-sep\">|<\/span><a href=\"https:\/\/csr.ufmg.br\/ppgamsa\/category\/sem-categoria-pt\/\" rel=\"category tag\">Sem categoria<\/a><span class=\"fusion-inline-sep\">|<\/span><\/p><p>Via plataforma Teams, por meio do link de acesso\u00a0&lt;\u00a0https:\/\/teams.live.com\/meet\/93403789682286?p=Q4yppyVUCb3vzJS5u9&gt;<\/p><\/div><\/article><\/section><\/div><\/div><\/div><style type=\"text\/css\">.fusion-body .fusion-builder-column-0{width:100% !important;margin-top : 0px;margin-bottom : 20px;}.fusion-builder-column-0 > .fusion-column-wrapper {padding-top : 0px !important;padding-right : 0px !important;margin-right : 1.92%;padding-bottom : 0px !important;padding-left : 0px !important;margin-left : 1.92%;}@media only screen and (max-width:1024px) {.fusion-body .fusion-builder-column-0{width:100% !important;order : 0;}.fusion-builder-column-0 > .fusion-column-wrapper {margin-right : 1.92%;margin-left : 1.92%;}}@media only screen and (max-width:640px) {.fusion-body .fusion-builder-column-0{width:100% !important;order : 0;}.fusion-builder-column-0 > .fusion-column-wrapper {margin-right : 1.92%;margin-left : 1.92%;}}<\/style><\/div><style type=\"text\/css\">.fusion-body .fusion-flex-container.fusion-builder-row-1{ padding-top : 0px;margin-top : 0px;padding-right : 0px;padding-bottom : 0px;margin-bottom : 0px;padding-left : 0px;}<\/style><\/div>\n","protected":false},"excerpt":{"rendered":"","protected":false},"author":4,"featured_media":0,"parent":2470,"menu_order":1,"comment_status":"closed","ping_status":"closed","template":"","meta":[],"_links":{"self":[{"href":"https:\/\/csr.ufmg.br\/ppgamsa\/wp-json\/wp\/v2\/pages\/2472"}],"collection":[{"href":"https:\/\/csr.ufmg.br\/ppgamsa\/wp-json\/wp\/v2\/pages"}],"about":[{"href":"https:\/\/csr.ufmg.br\/ppgamsa\/wp-json\/wp\/v2\/types\/page"}],"author":[{"embeddable":true,"href":"https:\/\/csr.ufmg.br\/ppgamsa\/wp-json\/wp\/v2\/users\/4"}],"replies":[{"embeddable":true,"href":"https:\/\/csr.ufmg.br\/ppgamsa\/wp-json\/wp\/v2\/comments?post=2472"}],"version-history":[{"count":4,"href":"https:\/\/csr.ufmg.br\/ppgamsa\/wp-json\/wp\/v2\/pages\/2472\/revisions"}],"predecessor-version":[{"id":2567,"href":"https:\/\/csr.ufmg.br\/ppgamsa\/wp-json\/wp\/v2\/pages\/2472\/revisions\/2567"}],"up":[{"embeddable":true,"href":"https:\/\/csr.ufmg.br\/ppgamsa\/wp-json\/wp\/v2\/pages\/2470"}],"wp:attachment":[{"href":"https:\/\/csr.ufmg.br\/ppgamsa\/wp-json\/wp\/v2\/media?parent=2472"}],"curies":[{"name":"wp","href":"https:\/\/api.w.org\/{rel}","templated":true}]}}