{"id":276,"date":"2021-02-07T02:31:06","date_gmt":"2021-02-07T04:31:06","guid":{"rendered":"https:\/\/csr.ufmg.br\/ppgamsa\/?page_id=276"},"modified":"2024-09-24T10:55:59","modified_gmt":"2024-09-24T13:55:59","slug":"programa","status":"publish","type":"page","link":"https:\/\/csr.ufmg.br\/ppgamsa\/br\/programa\/","title":{"rendered":"O Programa"},"content":{"rendered":"<div class=\"fusion-fullwidth fullwidth-box fusion-builder-row-1 fusion-flex-container nonhundred-percent-fullwidth non-hundred-percent-height-scrolling\" style=\"background-color: rgba(255,255,255,0);background-position: center center;background-repeat: no-repeat;border-width: 0px 0px 0px 0px;border-color:#eae9e9;border-style:solid;\" ><div class=\"fusion-builder-row fusion-row fusion-flex-align-items-flex-start\" style=\"max-width:1248px;margin-left: calc(-4% \/ 2 );margin-right: calc(-4% \/ 2 );\"><div class=\"fusion-layout-column fusion_builder_column fusion-builder-column-0 fusion_builder_column_1_1 1_1 fusion-flex-column\"><div class=\"fusion-column-wrapper fusion-flex-justify-content-flex-start fusion-content-layout-column\" style=\"background-position:left top;background-repeat:no-repeat;-webkit-background-size:cover;-moz-background-size:cover;-o-background-size:cover;background-size:cover;padding: 0px 0px 0px 0px;\"><style type=\"text\/css\">@media only screen and (max-width:1024px) {.fusion-title.fusion-title-1{margin-top:10px!important;margin-bottom:30px!important;}}<\/style><div class=\"fusion-title title fusion-title-1 fusion-title-text fusion-title-size-one\" style=\"margin-top:10px;margin-bottom:30px;\"><div class=\"title-sep-container title-sep-container-left fusion-no-large-visibility fusion-no-medium-visibility fusion-no-small-visibility\"><div class=\"title-sep sep-\" style=\"border-color:#ae895d;\"><\/div><\/div><h1 class=\"title-heading-left\" style=\"margin:0;\">Sobre o programa<\/h1><div class=\"title-sep-container title-sep-container-right\"><div class=\"title-sep sep-\" style=\"border-color:#ae895d;\"><\/div><\/div><\/div><div class=\"fusion-text fusion-text-1\"><p style=\"text-align: justify;\">O programa de P\u00f3s-Gradua\u00e7\u00e3o em An\u00e1lise e Modelagem de Sistemas Ambientais enfatiza a aplica\u00e7\u00e3o do geoprocessamento, sensoriamento remoto e modelagem computacional para o estudo de sistemas ambientais, por serem sistemas com express\u00e3o territorial sob uma vis\u00e3o integrada das inter-rela\u00e7\u00f5es entre seus componentes socioecon\u00f4micos, pol\u00edticos, culturais, em meios f\u00edsico e bi\u00f3tico.<\/p>\n<p style=\"text-align: justify;\">O programa \u00e9 marcado pela heterogeneidade do corpo docente e discente e pela sinergia entre diferentes \u00e1reas de conhecimento.<\/p>\n<p style=\"text-align: justify;\">Sob o comit\u00ea de Ci\u00eancias Ambientais da CAPES, o programa abre oportunidades para graduados em diversos campos do saber, como ec\u00f3logos, engenheiros ambientais, florestais, agr\u00f4nomos, analistas de sistema, matem\u00e1ticos computacionais, estat\u00edsticos, ge\u00f3grafos, ge\u00f3logos, arquitetos, bi\u00f3logos, etc. Especial \u00eanfase \u00e9 dada \u00e0s aplica\u00e7\u00f5es de Sensoriamento Remoto, Geoprocessamento, An\u00e1lise Espacial e Modelos de Simula\u00e7\u00e3o Computacional em estudos de Gest\u00e3o de Paisagem, An\u00e1lise Urbana, Economia Ambiental, Planejamento Territorial, Ecologia de Paisagem, Intera\u00e7\u00e3o Clima e Biosfera e Recursos H\u00eddricos.<\/p>\n<\/div><div class=\"fusion-separator fusion-has-icon fusion-full-width-sep\" style=\"align-self: center;margin-left: auto;margin-right: auto;margin-bottom:31px;width:100%;\"><div class=\"fusion-separator-border sep-single sep-solid\" style=\"border-color:#ae895d;border-top-width:1px;\"><\/div><span class=\"icon-wrapper\" style=\"border-color:transparent;font-size:15px;width: 1.75em; height: 1.75em;border-width:1px;padding:1px;margin-top:-0.5px\"><i class=\"fa-caret-square-down fas\" style=\"font-size: inherit;color:#ae895d;\" aria-hidden=\"true\"><\/i><\/span><div class=\"fusion-separator-border sep-single sep-solid\" style=\"border-color:#ae895d;border-top-width:1px;\"><\/div><\/div><style type=\"text\/css\">@media only screen and (max-width:1024px) {.fusion-title.fusion-title-2{margin-top:10px!important;margin-bottom:30px!important;}}<\/style><div class=\"fusion-title title fusion-title-2 fusion-title-text fusion-title-size-one\" style=\"margin-top:10px;margin-bottom:30px;\"><div class=\"title-sep-container title-sep-container-left fusion-no-large-visibility fusion-no-medium-visibility fusion-no-small-visibility\"><div class=\"title-sep sep-\" style=\"border-color:#ae895d;\"><\/div><\/div><h1 class=\"title-heading-left\" style=\"margin:0;\">Escopo<\/h1><div class=\"title-sep-container title-sep-container-right\"><div class=\"title-sep sep-\" style=\"border-color:#ae895d;\"><\/div><\/div><\/div><div class=\"fusion-text fusion-text-2\"><p style=\"text-align: justify;\">O programa integra o conhecimento de docentes\/pesquisadores que atuam nas seguintes \u00e1reas:<\/p>\n<ul>\n<li style=\"text-align: justify;\">Pedologia, F\u00edsica do solo e Indicadores de sustentabilidade em Agroecossistemas;<\/li>\n<li style=\"text-align: justify;\">Ecologia de paisagem, m\u00e9todos de simula\u00e7\u00e3o espacial, modelagem de sistemas;<\/li>\n<li style=\"text-align: justify;\">Geografia da Popula\u00e7\u00e3o, Migra\u00e7\u00f5es e Geografia Urbana e Regional;<\/li>\n<li style=\"text-align: justify;\">Qualidade posicional e tem\u00e1tica de dados espaciais;<\/li>\n<li style=\"text-align: justify;\">Modelos Digitais de Eleva\u00e7\u00e3o, Sensoriamento Remoto e Processamento de Imagens;<\/li>\n<li style=\"text-align: justify;\">Geoprocessamento e caracteriza\u00e7\u00e3o e promo\u00e7\u00e3o do turismo auto-guiado;<\/li>\n<li style=\"text-align: justify;\">Hist\u00f3ria da Geologia e da Minera\u00e7\u00e3o em Minas Gerais;<\/li>\n<li style=\"text-align: justify;\">Ecologia com \u00eanfase no ordenamento, uso, e manejo da terra;<\/li>\n<li style=\"text-align: justify;\">Estudo da hist\u00f3ria e pr\u00e1ticas ligadas aos sistemas de monitoramento, controle do desmatamento e no estabelecimento de cr\u00e9dito de carbono por desmatamento evitado;<\/li>\n<li style=\"text-align: justify;\">An\u00e1lise territorial, modelagem de sistemas din\u00e2micos e Desenvolvimento Econ\u00f4mico e Social;<\/li>\n<li style=\"text-align: justify;\">Intelig\u00eancia geogr\u00e1fica para planejamento de transportes;<\/li>\n<li style=\"text-align: justify;\">Estudos hidrol\u00f3gicos;<\/li>\n<li style=\"text-align: justify;\">Cartografia Digital, Educa\u00e7\u00e3o Ambiental, Interpreta\u00e7\u00e3o Ambiental, Dissemina\u00e7\u00e3o e Ensino de Ci\u00eancias, Preserva\u00e7\u00e3o do Patrim\u00f4nio Natural e Geoturismo.<\/li>\n<\/ul>\n<\/div><\/div><\/div><style type=\"text\/css\">.fusion-body .fusion-builder-column-0{width:100% !important;margin-top : 0px;margin-bottom : 20px;}.fusion-builder-column-0 > .fusion-column-wrapper {padding-top : 0px !important;padding-right : 0px !important;margin-right : 1.92%;padding-bottom : 0px !important;padding-left : 0px !important;margin-left : 1.92%;}@media only screen and (max-width:1024px) {.fusion-body .fusion-builder-column-0{width:100% !important;order : 0;}.fusion-builder-column-0 > .fusion-column-wrapper {margin-right : 1.92%;margin-left : 1.92%;}}@media only screen and (max-width:640px) {.fusion-body .fusion-builder-column-0{width:100% !important;order : 0;}.fusion-builder-column-0 > .fusion-column-wrapper {margin-right : 1.92%;margin-left : 1.92%;}}<\/style><\/div><style type=\"text\/css\">.fusion-body .fusion-flex-container.fusion-builder-row-1{ padding-top : 0px;margin-top : 0px;padding-right : 0px;padding-bottom : 0px;margin-bottom : 0px;padding-left : 0px;}<\/style><\/div>\n","protected":false},"excerpt":{"rendered":"","protected":false},"author":3,"featured_media":0,"parent":13,"menu_order":1,"comment_status":"closed","ping_status":"closed","template":"","meta":[],"_links":{"self":[{"href":"https:\/\/csr.ufmg.br\/ppgamsa\/wp-json\/wp\/v2\/pages\/276"}],"collection":[{"href":"https:\/\/csr.ufmg.br\/ppgamsa\/wp-json\/wp\/v2\/pages"}],"about":[{"href":"https:\/\/csr.ufmg.br\/ppgamsa\/wp-json\/wp\/v2\/types\/page"}],"author":[{"embeddable":true,"href":"https:\/\/csr.ufmg.br\/ppgamsa\/wp-json\/wp\/v2\/users\/3"}],"replies":[{"embeddable":true,"href":"https:\/\/csr.ufmg.br\/ppgamsa\/wp-json\/wp\/v2\/comments?post=276"}],"version-history":[{"count":6,"href":"https:\/\/csr.ufmg.br\/ppgamsa\/wp-json\/wp\/v2\/pages\/276\/revisions"}],"predecessor-version":[{"id":2442,"href":"https:\/\/csr.ufmg.br\/ppgamsa\/wp-json\/wp\/v2\/pages\/276\/revisions\/2442"}],"up":[{"embeddable":true,"href":"https:\/\/csr.ufmg.br\/ppgamsa\/wp-json\/wp\/v2\/pages\/13"}],"wp:attachment":[{"href":"https:\/\/csr.ufmg.br\/ppgamsa\/wp-json\/wp\/v2\/media?parent=276"}],"curies":[{"name":"wp","href":"https:\/\/api.w.org\/{rel}","templated":true}]}}

<div class="fusion-fullwidth fullwidth-box fusion-builder-row-1 fusion-flex-container nonhundred-percent-fullwidth non-hundred-percent-height-scrolling" style="background-color: rgba(255,255,255,0);background-position: center center;background-repeat: no-repeat;border-width: 0px 0px 0px 0px;border-color:#eae9e9;border-style:solid;" ><div class="fusion-builder-row fusion-row fusion-flex-align-items-flex-start" style="max-width:1248px;margin-left: calc(-4% / 2 );margin-right: calc(-4% / 2 );"><div class="fusion-layout-column fusion_builder_column fusion-builder-column-0 fusion_builder_column_1_1 1_1 fusion-flex-column"><div class="fusion-column-wrapper fusion-flex-justify-content-flex-start fusion-content-layout-column" style="background-position:left top;background-repeat:no-repeat;-webkit-background-size:cover;-moz-background-size:cover;-o-background-size:cover;background-size:cover;padding: 0px 0px 0px 0px;"><style type="text/css">@media only screen and (max-width:1024px) {.fusion-title.fusion-title-1{margin-top:10px!important;margin-bottom:30px!important;}}</style><div class="fusion-title title fusion-title-1 fusion-title-text fusion-title-size-one" style="margin-top:10px;margin-bottom:30px;"><div class="title-sep-container title-sep-container-left fusion-no-large-visibility fusion-no-medium-visibility fusion-no-small-visibility"><div class="title-sep sep-" style="border-color:#ae895d;"></div></div><h1 class="title-heading-left" style="margin:0;">Sobre o programa</h1><div class="title-sep-container title-sep-container-right"><div class="title-sep sep-" style="border-color:#ae895d;"></div></div></div><div class="fusion-text fusion-text-1"><p style="text-align: justify;">O programa de Pós-Graduação em Análise e Modelagem de Sistemas Ambientais enfatiza a aplicação do geoprocessamento, sensoriamento remoto e modelagem computacional para o estudo de sistemas ambientais, por serem sistemas com expressão territorial sob uma visão integrada das inter-relações entre seus componentes socioeconômicos, políticos, culturais, em meios físico e biótico.</p>
<p style="text-align: justify;">O programa é marcado pela heterogeneidade do corpo docente e discente e pela sinergia entre diferentes áreas de conhecimento.</p>
<p style="text-align: justify;">Sob o comitê de Ciências Ambientais da CAPES, o programa abre oportunidades para graduados em diversos campos do saber, como ecólogos, engenheiros ambientais, florestais, agrônomos, analistas de sistema, matemáticos computacionais, estatísticos, geógrafos, geólogos, arquitetos, biólogos, etc. Especial ênfase é dada às aplicações de Sensoriamento Remoto, Geoprocessamento, Análise Espacial e Modelos de Simulação Computacional em estudos de Gestão de Paisagem, Análise Urbana, Economia Ambiental, Planejamento Territorial, Ecologia de Paisagem, Interação Clima e Biosfera e Recursos Hídricos.</p>
</div><div class="fusion-separator fusion-has-icon fusion-full-width-sep" style="align-self: center;margin-left: auto;margin-right: auto;margin-bottom:31px;width:100%;"><div class="fusion-separator-border sep-single sep-solid" style="border-color:#ae895d;border-top-width:1px;"></div><span class="icon-wrapper" style="border-color:transparent;font-size:15px;width: 1.75em; height: 1.75em;border-width:1px;padding:1px;margin-top:-0.5px"><i class="fa-caret-square-down fas" style="font-size: inherit;color:#ae895d;" aria-hidden="true"></i></span><div class="fusion-separator-border sep-single sep-solid" style="border-color:#ae895d;border-top-width:1px;"></div></div><style type="text/css">@media only screen and (max-width:1024px) {.fusion-title.fusion-title-2{margin-top:10px!important;margin-bottom:30px!important;}}</style><div class="fusion-title title fusion-title-2 fusion-title-text fusion-title-size-one" style="margin-top:10px;margin-bottom:30px;"><div class="title-sep-container title-sep-container-left fusion-no-large-visibility fusion-no-medium-visibility fusion-no-small-visibility"><div class="title-sep sep-" style="border-color:#ae895d;"></div></div><h1 class="title-heading-left" style="margin:0;">Escopo</h1><div class="title-sep-container title-sep-container-right"><div class="title-sep sep-" style="border-color:#ae895d;"></div></div></div><div class="fusion-text fusion-text-2"><p style="text-align: justify;">O programa integra o conhecimento de docentes/pesquisadores que atuam nas seguintes áreas:</p>
<ul>
<li style="text-align: justify;">Pedologia, Física do solo e Indicadores de sustentabilidade em Agroecossistemas;</li>
<li style="text-align: justify;">Ecologia de paisagem, métodos de simulação espacial, modelagem de sistemas;</li>
<li style="text-align: justify;">Geografia da População, Migrações e Geografia Urbana e Regional;</li>
<li style="text-align: justify;">Qualidade posicional e temática de dados espaciais;</li>
<li style="text-align: justify;">Modelos Digitais de Elevação, Sensoriamento Remoto e Processamento de Imagens;</li>
<li style="text-align: justify;">Geoprocessamento e caracterização e promoção do turismo auto-guiado;</li>
<li style="text-align: justify;">História da Geologia e da Mineração em Minas Gerais;</li>
<li style="text-align: justify;">Ecologia com ênfase no ordenamento, uso, e manejo da terra;</li>
<li style="text-align: justify;">Estudo da história e práticas ligadas aos sistemas de monitoramento, controle do desmatamento e no estabelecimento de crédito de carbono por desmatamento evitado;</li>
<li style="text-align: justify;">Análise territorial, modelagem de sistemas dinâmicos e Desenvolvimento Econômico e Social;</li>
<li style="text-align: justify;">Inteligência geográfica para planejamento de transportes;</li>
<li style="text-align: justify;">Estudos hidrológicos;</li>
<li style="text-align: justify;">Cartografia Digital, Educação Ambiental, Interpretação Ambiental, Disseminação e Ensino de Ciências, Preservação do Patrimônio Natural e Geoturismo.</li>
</ul>
</div></div></div><style type="text/css">.fusion-body .fusion-builder-column-0{width:100% !important;margin-top : 0px;margin-bottom : 20px;}.fusion-builder-column-0 > .fusion-column-wrapper {padding-top : 0px !important;padding-right : 0px !important;margin-right : 1.92%;padding-bottom : 0px !important;padding-left : 0px !important;margin-left : 1.92%;}@media only screen and (max-width:1024px) {.fusion-body .fusion-builder-column-0{width:100% !important;order : 0;}.fusion-builder-column-0 > .fusion-column-wrapper {margin-right : 1.92%;margin-left : 1.92%;}}@media only screen and (max-width:640px) {.fusion-body .fusion-builder-column-0{width:100% !important;order : 0;}.fusion-builder-column-0 > .fusion-column-wrapper {margin-right : 1.92%;margin-left : 1.92%;}}</style></div><style type="text/css">.fusion-body .fusion-flex-container.fusion-builder-row-1{ padding-top : 0px;margin-top : 0px;padding-right : 0px;padding-bottom : 0px;margin-bottom : 0px;padding-left : 0px;}</style></div>
