{"id":2961,"date":"2025-09-25T07:07:56","date_gmt":"2025-09-25T10:07:56","guid":{"rendered":"https:\/\/csr.ufmg.br\/ppgamsa\/?page_id=2961"},"modified":"2026-03-13T08:46:39","modified_gmt":"2026-03-13T11:46:39","slug":"eventos","status":"publish","type":"page","link":"https:\/\/csr.ufmg.br\/ppgamsa\/eventos\/","title":{"rendered":"Simp\u00f3sio de Modelagem de Sistemas Ambientais e Gest\u00e3o da Paisagem"},"content":{"rendered":"<style><span style=\"display: inline-block; width: 0px; overflow: hidden; line-height: 0;\" data-mce-type=\"bookmark\" class=\"mce_SELRES_start\">\ufeff<\/span><br \/>\/* === Layout principal com menu lateral \u00e0 direita === *\/<br \/>.container-conteudo {<br \/>  display: flex;<br \/>  align-items: flex-start;<br \/>  justify-content: space-between; \/* garante alinhamento lado a lado *\/<br \/>  gap: 30px;<br \/>}<\/p>\n<p>\/* Conte\u00fado principal *\/<br \/>.conteudo-principal {<br \/>  flex: 1;<br \/>  max-width: 70%; \/* evita ocupar toda a largura *\/<br \/>}<\/p>\n<p>\/* Barra lateral *\/<br \/>.sidebar-interna {<br \/>  position: sticky;<br \/>  top: 100px;<br \/>  width: 220px;<br \/>  background: #ffffff;<br \/>  border: 1px solid #ccc;<br \/>  box-shadow: 0 4px 12px rgba(0, 0, 0, 0.1);<br \/>  padding: 15px;<br \/>  border-radius: 8px;<br \/>  font-family: Arial, sans-serif;<br \/>  height: fit-content;<br \/>}<\/p>\n<p>\/* Estilo do menu *\/<br \/>.sidebar-interna h3 {<br \/>  font-size: 18px;<br \/>  margin-top: 0;<br \/>  text-align: center;<br \/>  border-bottom: 1px solid #ddd;<br \/>  padding-bottom: 8px;<br \/>  color: #333;<br \/>}<\/p>\n<p>.sidebar-interna ul {<br \/>  list-style: none;<br \/>  padding: 0;<br \/>  margin: 0;<br \/>}<\/p>\n<p>.sidebar-interna ul li {<br \/>  margin: 10px 0;<br \/>}<\/p>\n<p>.sidebar-interna ul li a {<br \/>  display: block;<br \/>  color: #0073aa;<br \/>  text-decoration: none;<br \/>  padding: 8px 10px;<br \/>  border-radius: 6px;<br \/>  transition: 0.3s;<br \/>}<\/p>\n<p>.sidebar-interna ul li a:hover {<br \/>  background-color: #0073aa;<br \/>  color: #fff;<br \/>}<br \/><\/style>\n<p><!-- === Estrutura da p\u00e1gina === --><\/p>\n<div class=\"container-conteudo\">\n<p><!-- Conte\u00fado principal --><\/p>\n<div class=\"conteudo-principal\">\n<p>\u00c9 com grande satisfa\u00e7\u00e3o que anunciamos a realiza\u00e7\u00e3o da 6\u00aa edi\u00e7\u00e3o de nosso tradicional Simp\u00f3sio de Modelagem de Sistemas Ambientais e Gest\u00e3o da Paisagem, que este ano ser\u00e1 realizado em conjunto com o I Simp\u00f3sio de Estudos Territoriais. Nos \u00faltimos anos, o Simp\u00f3sio tem se consolidado como um importante canal de troca e fortalecimento das pesquisas em ci\u00eancias ambientais, geotecnologias e gest\u00e3o territorial, reunindo pesquisadores de diferentes regi\u00f5es do Brasil e de outros pa\u00edses.<\/p>\n<p>Para a edi\u00e7\u00e3o de 2025, discutiremos os desafios que se apresentam diante de um cen\u00e1rio de eventos clim\u00e1ticos extremos, crises humanit\u00e1rias e disputas por recursos naturais, com foco nas perspectivas e possibilidades anal\u00edticas proporcionadas pelo desenvolvimento cient\u00edfico e tecnol\u00f3gico na compreens\u00e3o desses processos, bem como no potencial que tais pesquisas possuem para contribuir com solu\u00e7\u00f5es estrat\u00e9gicas para os problemas do nosso tempo.<\/p>\n<p>Nesse dia 20 de outubro, abrimos oficialmente o per\u00edodo de submiss\u00e3o de trabalhos. Convidamos pesquisadores, docentes, estudantes e profissionais de diversas \u00e1reas do conhecimento que lidam com as tem\u00e1ticas debatidas no evento a compartilharem suas pesquisas e contribui\u00e7\u00f5es acad\u00eamicas. Esta \u00e9 uma excelente oportunidade para divulgar estudos, promover o interc\u00e2mbio cient\u00edfico e fortalecer o di\u00e1logo entre diferentes \u00e1reas do conhecimento,\u00a0as inscri\u00e7\u00f5es para o evento estar\u00e3o dispon\u00edveis em breve e a plataforma de inscri\u00e7\u00e3o ser\u00e1 divulgada aqui em nosso site e nas nossas redes sociais, nos acompanhe e n\u00e3o perca nenhuma novidade.<\/p>\n<p>O Instituto de Geoci\u00eancias da UFMG, o Programa de P\u00f3s-Gradua\u00e7\u00e3o em An\u00e1lise e Modelagem de Sistemas Ambientais e o Programa de P\u00f3s-Gradua\u00e7\u00e3o em Geografia e o Laborat\u00f3rio de Estudos Territoriais est\u00e3o de bra\u00e7os abertos para receb\u00ea-los com a tradicional hospitalidade mineira. Esperamos rev\u00ea-los em breve e desejamos a todos uma excelente prepara\u00e7\u00e3o para o evento.<\/p>\n<p>Comiss\u00e3o Organizadora<\/p>\n<\/div>\n<p><!-- Barra lateral --><\/p>\n<aside class=\"sidebar-interna\">\n<h3>Menu:<\/h3>\n<ul>\n<li><a href=\"https:\/\/csr.ufmg.br\/ppgamsa\/inscricoes\/\">Inscri\u00e7\u00f5es<\/a><\/li>\n<li><a href=\"https:\/\/csr.ufmg.br\/ppgamsa\/submissoes\/\">Submiss\u00f5es<\/a><\/li>\n<li><a href=\"https:\/\/csr.ufmg.br\/ppgamsa\/programacao\/\">Programa\u00e7\u00e3o<\/a><\/li>\n<li><a href=\"https:\/\/csr.ufmg.br\/ppgamsa\/contato\/\">Contato<\/a><\/li>\n<\/ul>\n<\/aside>\n<\/div>\n","protected":false},"excerpt":{"rendered":"<p>\u00c9 com grande satisfa\u00e7\u00e3o que anunciamos a realiza\u00e7\u00e3o da 6\u00aa [&hellip;]<\/p>\n","protected":false},"author":4,"featured_media":3050,"parent":0,"menu_order":0,"comment_status":"closed","ping_status":"closed","template":"","meta":[],"_links":{"self":[{"href":"https:\/\/csr.ufmg.br\/ppgamsa\/wp-json\/wp\/v2\/pages\/2961"}],"collection":[{"href":"https:\/\/csr.ufmg.br\/ppgamsa\/wp-json\/wp\/v2\/pages"}],"about":[{"href":"https:\/\/csr.ufmg.br\/ppgamsa\/wp-json\/wp\/v2\/types\/page"}],"author":[{"embeddable":true,"href":"https:\/\/csr.ufmg.br\/ppgamsa\/wp-json\/wp\/v2\/users\/4"}],"replies":[{"embeddable":true,"href":"https:\/\/csr.ufmg.br\/ppgamsa\/wp-json\/wp\/v2\/comments?post=2961"}],"version-history":[{"count":24,"href":"https:\/\/csr.ufmg.br\/ppgamsa\/wp-json\/wp\/v2\/pages\/2961\/revisions"}],"predecessor-version":[{"id":3297,"href":"https:\/\/csr.ufmg.br\/ppgamsa\/wp-json\/wp\/v2\/pages\/2961\/revisions\/3297"}],"wp:featuredmedia":[{"embeddable":true,"href":"https:\/\/csr.ufmg.br\/ppgamsa\/wp-json\/wp\/v2\/media\/3050"}],"wp:attachment":[{"href":"https:\/\/csr.ufmg.br\/ppgamsa\/wp-json\/wp\/v2\/media?parent=2961"}],"curies":[{"name":"wp","href":"https:\/\/api.w.org\/{rel}","templated":true}]}}