{"id":3019,"date":"2025-10-13T11:51:59","date_gmt":"2025-10-13T14:51:59","guid":{"rendered":"https:\/\/csr.ufmg.br\/ppgamsa\/?page_id=3019"},"modified":"2025-11-11T12:13:58","modified_gmt":"2025-11-11T14:13:58","slug":"inscricoes","status":"publish","type":"page","link":"https:\/\/csr.ufmg.br\/ppgamsa\/inscricoes\/","title":{"rendered":"Inscri\u00e7\u00f5es"},"content":{"rendered":"<p><strong><u>Informa\u00e7\u00f5es sobre as inscri\u00e7\u00f5es:<\/u><\/strong><\/p>\n<p>Acesse a p\u00e1gina da Funda\u00e7\u00e3o Carlos Chaga para efetuar sua inscri\u00e7\u00e3o: <a href=\"https:\/\/fco.conveniar.com.br\/eventos\/Forms\/Servicos\/EventoDados.aspx?action=326\">https:\/\/fco.conveniar.com.br\/eventos\/Forms\/Servicos\/EventoDados.aspx?action=326<\/a><\/p>\n<p><strong>Data de in\u00edcio:<\/strong>\u00a022\/10\/2025<\/p>\n<p><strong>Data do fim:<\/strong> 30\/11\/2025<\/p>\n<p><strong>Formas de pagamento<\/strong><\/p>\n<p>Pagamento \u00e0 vista: PIX e Dep\u00f3sito* (conta banc\u00e1ria):<\/p>\n<p>Banco: 104 \u2013 CAIXA ECON\u00d4MICA FEDERAL<\/p>\n<p>Ag\u00eancia: 0843<\/p>\n<p>Conta: 574032124-3<\/p>\n<p><u>*Encaminhar o comprovante de pagamento para o e-mail\u00a0<\/u><b><a href=\"mailto:projetos5@fco.org.br\">projetos5@fco.org.br<\/a><\/b><\/p>\n<p><strong>VALORES:<\/strong><\/p>\n<table width=\"361\">\n<tbody>\n<tr>\n<td width=\"211\"><strong>P\u00daBLICO<\/strong><\/td>\n<td width=\"151\"><strong>Valor<\/strong><\/td>\n<\/tr>\n<tr>\n<td width=\"211\">Gradua\u00e7\u00e3o<\/td>\n<td width=\"151\">R$ 30,00<\/td>\n<\/tr>\n<tr>\n<td width=\"211\">P\u00f3s-Gradua\u00e7\u00e3o<\/td>\n<td width=\"151\">R$ 50,00<\/td>\n<\/tr>\n<tr>\n<td width=\"211\">Profissionais<\/td>\n<td width=\"151\">R$ 80,00<\/td>\n<\/tr>\n<\/tbody>\n<\/table>\n<p><!--more--><\/p>\n<p><strong>Diferenciais do Evento<\/strong><\/p>\n<p>Estimular a aplica\u00e7\u00e3o de geotecnologias e ci\u00eancia de dados na formula\u00e7\u00e3o de pol\u00edticas p\u00fablicas e estrat\u00e9gias empresariais voltadas \u00e0 sustentabilidade socioambiental.<\/p>\n<p><strong>Principais Atrativos<\/strong><\/p>\n<p>Contribuir para a capacita\u00e7\u00e3o de estudantes, profissionais e gestores no uso de conceitos e ferramentas de an\u00e1lise de recursos naturais e gest\u00e3o da paisagem.<\/p>\n<p>Instagram: @simposiodemodelagem<\/p>\n<p>&nbsp;<\/p>\n","protected":false},"excerpt":{"rendered":"<p>Informa\u00e7\u00f5es sobre as inscri\u00e7\u00f5es: Acesse a p\u00e1gina da Funda\u00e7\u00e3o Carlos [&hellip;]<\/p>\n","protected":false},"author":4,"featured_media":0,"parent":0,"menu_order":0,"comment_status":"closed","ping_status":"closed","template":"","meta":[],"_links":{"self":[{"href":"https:\/\/csr.ufmg.br\/ppgamsa\/wp-json\/wp\/v2\/pages\/3019"}],"collection":[{"href":"https:\/\/csr.ufmg.br\/ppgamsa\/wp-json\/wp\/v2\/pages"}],"about":[{"href":"https:\/\/csr.ufmg.br\/ppgamsa\/wp-json\/wp\/v2\/types\/page"}],"author":[{"embeddable":true,"href":"https:\/\/csr.ufmg.br\/ppgamsa\/wp-json\/wp\/v2\/users\/4"}],"replies":[{"embeddable":true,"href":"https:\/\/csr.ufmg.br\/ppgamsa\/wp-json\/wp\/v2\/comments?post=3019"}],"version-history":[{"count":4,"href":"https:\/\/csr.ufmg.br\/ppgamsa\/wp-json\/wp\/v2\/pages\/3019\/revisions"}],"predecessor-version":[{"id":3089,"href":"https:\/\/csr.ufmg.br\/ppgamsa\/wp-json\/wp\/v2\/pages\/3019\/revisions\/3089"}],"wp:attachment":[{"href":"https:\/\/csr.ufmg.br\/ppgamsa\/wp-json\/wp\/v2\/media?parent=3019"}],"curies":[{"name":"wp","href":"https:\/\/api.w.org\/{rel}","templated":true}]}}

Inscrições

<p><strong><u>Informações sobre as inscrições:</u></strong></p>
<p>Acesse a página da Fundação Carlos Chaga para efetuar sua inscrição: <a href="https://fco.conveniar.com.br/eventos/Forms/Servicos/EventoDados.aspx?action=326">https://fco.conveniar.com.br/eventos/Forms/Servicos/EventoDados.aspx?action=326</a></p>
<p><strong>Data de início:</strong> 22/10/2025</p>
<p><strong>Data do fim:</strong> 30/11/2025</p>
<p><strong>Formas de pagamento</strong></p>
<p>Pagamento à vista: PIX e Depósito* (conta bancária):</p>
<p>Banco: 104 – CAIXA ECONÔMICA FEDERAL</p>
<p>Agência: 0843</p>
<p>Conta: 574032124-3</p>
<p><u>*Encaminhar o comprovante de pagamento para o e-mail </u><b><a href="mailto:projetos5@fco.org.br">projetos5@fco.org.br</a></b></p>
<p><strong>VALORES:</strong></p>
<table width="361">
<tbody>
<tr>
<td width="211"><strong>PÚBLICO</strong></td>
<td width="151"><strong>Valor</strong></td>
</tr>
<tr>
<td width="211">Graduação</td>
<td width="151">R$ 30,00</td>
</tr>
<tr>
<td width="211">Pós-Graduação</td>
<td width="151">R$ 50,00</td>
</tr>
<tr>
<td width="211">Profissionais</td>
<td width="151">R$ 80,00</td>
</tr>
</tbody>
</table>
<p><!--more--></p>
<p><strong>Diferenciais do Evento</strong></p>
<p>Estimular a aplicação de geotecnologias e ciência de dados na formulação de políticas públicas e estratégias empresariais voltadas à sustentabilidade socioambiental.</p>
<p><strong>Principais Atrativos</strong></p>
<p>Contribuir para a capacitação de estudantes, profissionais e gestores no uso de conceitos e ferramentas de análise de recursos naturais e gestão da paisagem.</p>
<p>Instagram: @simposiodemodelagem</p>
<p>&nbsp;</p>

<p>Informações sobre as inscrições: Acesse a página da Fundação Carlos [&hellip;]</p>
