{"id":401,"date":"2021-02-07T05:05:22","date_gmt":"2021-02-07T07:05:22","guid":{"rendered":"https:\/\/csr.ufmg.br\/ppgamsa\/?page_id=401"},"modified":"2025-06-23T12:37:05","modified_gmt":"2025-06-23T15:37:05","slug":"formularios","status":"publish","type":"page","link":"https:\/\/csr.ufmg.br\/ppgamsa\/br\/secretaria\/formularios\/","title":{"rendered":"Formul\u00e1rios"},"content":{"rendered":"<div class=\"fusion-fullwidth fullwidth-box fusion-builder-row-1 fusion-flex-container nonhundred-percent-fullwidth non-hundred-percent-height-scrolling\" style=\"background-color: rgba(255,255,255,0);background-position: center center;background-repeat: no-repeat;border-width: 0px 0px 0px 0px;border-color:#eae9e9;border-style:solid;\" ><div class=\"fusion-builder-row fusion-row fusion-flex-align-items-flex-start\" style=\"max-width:1248px;margin-left: calc(-4% \/ 2 );margin-right: calc(-4% \/ 2 );\"><div class=\"fusion-layout-column fusion_builder_column fusion-builder-column-0 fusion_builder_column_1_1 1_1 fusion-flex-column\"><div class=\"fusion-column-wrapper fusion-flex-justify-content-flex-start fusion-content-layout-column\" style=\"background-position:left top;background-repeat:no-repeat;-webkit-background-size:cover;-moz-background-size:cover;-o-background-size:cover;background-size:cover;padding: 0px 0px 0px 0px;\"><style type=\"text\/css\">@media only screen and (max-width:1024px) {.fusion-title.fusion-title-1{margin-top:10px!important;margin-bottom:30px!important;}}<\/style><div class=\"fusion-title title fusion-title-1 fusion-title-text fusion-title-size-one\" style=\"margin-top:10px;margin-bottom:30px;\"><div class=\"title-sep-container title-sep-container-left fusion-no-large-visibility fusion-no-medium-visibility fusion-no-small-visibility\"><div class=\"title-sep sep-\" style=\"border-color:#ae895d;\"><\/div><\/div><h1 class=\"title-heading-left\" style=\"margin:0;\">Formul\u00e1rios e documentos<\/h1><div class=\"title-sep-container title-sep-container-right\"><div class=\"title-sep sep-\" style=\"border-color:#ae895d;\"><\/div><\/div><\/div><div class=\"fusion-text fusion-text-1\"><ul>\n<li><a href=\"https:\/\/csr.ufmg.br\/ppgamsa\/wp-content\/uploads\/2023\/05\/pedido-coorientacao.doc\">Pedido de coorienta\u00e7\u00e3o;<\/a><\/li>\n<li><a href=\"https:\/\/csr.ufmg.br\/ppgamsa\/wp-content\/uploads\/2022\/03\/Procedimento_para_entrega_do_volume_final_da_dissertacao.pdf\" target=\"_blank\" rel=\"noopener noreferrer\">Procedimento de Entrega de Volume Final;<\/a><\/li>\n<li><a href=\"https:\/\/csr.ufmg.br\/ppgamsa\/wp-content\/uploads\/2022\/03\/Trancamento_total.pdf\" target=\"_blank\" rel=\"noopener noreferrer\">Formul\u00e1rio Trancamento Total;<\/a><\/li>\n<li><a href=\"https:\/\/csr.ufmg.br\/ppgamsa\/wp-content\/uploads\/2022\/03\/Trancamento_parcial.pdf\" target=\"_blank\" rel=\"noopener noreferrer\">Formul\u00e1rio\u00a0Trancamento Parcial;<\/a><\/li>\n<li><a href=\"https:\/\/csr.ufmg.br\/ppgamsa\/wp-content\/uploads\/2022\/02\/Requerimento_de_Prorrogacao_de_Prazo.docx\">Formul\u00e1rio Prorroga\u00e7\u00e3o de Prazo;<\/a><\/li>\n<li><a href=\"https:\/\/csr.ufmg.br\/ppgamsa\/wp-content\/uploads\/2022\/03\/Formulario_-_Solicitacao_de_Auxilio_Financeiro.pdf\" target=\"_blank\" rel=\"noopener noreferrer\">Formul\u00e1rio de Solicita\u00e7\u00e3o de Aux\u00edlio Financeiro;<\/a><\/li>\n<li><a href=\"https:\/\/csr.ufmg.br\/ppgamsa\/wp-content\/uploads\/2022\/03\/Requerimento_de_matricula_em_disciplina_isolada.pdf\" target=\"_blank\" rel=\"noopener noreferrer\">Requerimento de Matr\u00edcula em Atividade Isolada;<\/a><\/li>\n<li><a href=\"https:\/\/csr.ufmg.br\/ppgamsa\/wp-content\/uploads\/2022\/03\/Requerimento_de_Dispensa_de_Disciplinas_Obrigatorias.pdf\" target=\"_blank\" rel=\"noopener noreferrer\">Requerimento de Dispensa de Disciplinas Obrigat\u00f3rias;<\/a><\/li>\n<li><a href=\"https:\/\/csr.ufmg.br\/ppgamsa\/wp-content\/uploads\/2022\/03\/Requerimento_de_Aproveitamento_de_Estudos_usar_o_PDF.pdf\" target=\"_blank\" rel=\"noopener noreferrer\">Requerimento de Aproveitamento de Estudos;<\/a><\/li>\n<li><a href=\"https:\/\/repositorio.ufmg.br\/static\/politica\/diretrizes-para-normalizacao-de-trabalhos-academicos-da-UFMG.pdf\" target=\"_blank\" rel=\"noopener noreferrer\">Manual para Elabora\u00e7\u00e3o de Disserta\u00e7\u00e3o;<\/a><\/li>\n<li><a href=\"https:\/\/csr.ufmg.br\/ppgamsa\/wp-content\/uploads\/2022\/06\/formulario_Inscricao_defesa_dissertacao_prospecto_futuro.doc\" target=\"_blank\" rel=\"noopener noreferrer\">Inscri\u00e7\u00e3o Defesa de Disserta\u00e7\u00e3o<\/a>;<\/li>\n<li><a href=\"https:\/\/csr.ufmg.br\/ppgamsa\/wp-content\/uploads\/2022\/06\/inscricao_seminario_dissertacao.doc\" target=\"_blank\" rel=\"noopener noreferrer\">Inscri\u00e7\u00e3o Semin\u00e1rio de Disserta\u00e7\u00e3o (Formul\u00e1rio de Qualifica\u00e7\u00e3o)<\/a><a href=\"http:\/\/www.igc.ufmg.br\/images\/pdf\/cartografia\/Inscricao_Seminario_Dissertacao.doc\" target=\"_blank\" rel=\"noopener noreferrer\">;<\/a><\/li>\n<li><a href=\"https:\/\/csr.ufmg.br\/ppgamsa\/wp-content\/uploads\/2022\/03\/INSTRUCOES_MARCACAO_DEFESA_Aluno_e_orientador.pdf\" target=\"_blank\" rel=\"noopener noreferrer\">Instru\u00e7\u00f5es Marca\u00e7\u00e3o de Defesa Sistema Acad\u00eamico;<\/a><\/li>\n<li><a title=\"Relat\u00f3rio semestral\" href=\"https:\/\/csr.ufmg.br\/ppgamsa\/wp-content\/uploads\/2022\/06\/relatorio_semestral.doc\" target=\"_blank\" rel=\"noopener noreferrer\">Relat\u00f3rio Semestral de Atividades Discentes<\/a>;<\/li>\n<li><a href=\"https:\/\/csr.ufmg.br\/ppgamsa\/wp-content\/uploads\/2022\/06\/relatorio_de_estagio_docente.doc\" target=\"_blank\" rel=\"noopener noreferrer\">Relat\u00f3rio de Est\u00e1gio Docente<\/a>;<\/li>\n<li><a href=\"http:\/\/www.igc.ufmg.br\/images\/pdf\/cartografia\/RequerimentoDiploma.pdf\" target=\"_blank\" rel=\"noopener noreferrer\">Requerimento Expedi\u00e7\u00e3o de Diploma<\/a>\u00a0&#8211; somente para 2\u00aa via;<\/li>\n<li><a href=\"http:\/\/www.igc.ufmg.br\/images\/pdf\/cartografia\/boletoGRU.pdf\" target=\"_blank\" rel=\"noopener noreferrer\">Taxa Expedi\u00e7\u00e3o de Documentos<\/a>;<\/li>\n<li><a href=\"https:\/\/www2.ufmg.br\/drca\/drca\/Home\/Pos-Graduacao\/Formularios\" target=\"_blank\" rel=\"noopener noreferrer\">Formul\u00e1rios Solicita\u00e7\u00f5es Acad\u00eamicas (Aproveitamento de Estudo, Trancamento, etc).<\/a><\/li>\n<li><a href=\"https:\/\/csr.ufmg.br\/ppgamsa\/wp-content\/uploads\/2025\/06\/Requerimento_de_ACERTO.doc\">Requerimento_de_ACERTO<\/a><\/li>\n<\/ul>\n<\/div><\/div><\/div><style type=\"text\/css\">.fusion-body .fusion-builder-column-0{width:100% !important;margin-top : 0px;margin-bottom : 20px;}.fusion-builder-column-0 > .fusion-column-wrapper {padding-top : 0px !important;padding-right : 0px !important;margin-right : 1.92%;padding-bottom : 0px !important;padding-left : 0px !important;margin-left : 1.92%;}@media only screen and (max-width:1024px) {.fusion-body .fusion-builder-column-0{width:100% !important;order : 0;}.fusion-builder-column-0 > .fusion-column-wrapper {margin-right : 1.92%;margin-left : 1.92%;}}@media only screen and (max-width:640px) {.fusion-body .fusion-builder-column-0{width:100% !important;order : 0;}.fusion-builder-column-0 > .fusion-column-wrapper {margin-right : 1.92%;margin-left : 1.92%;}}<\/style><\/div><style type=\"text\/css\">.fusion-body .fusion-flex-container.fusion-builder-row-1{ padding-top : 0px;margin-top : 0px;padding-right : 0px;padding-bottom : 0px;margin-bottom : 0px;padding-left : 0px;}<\/style><\/div>\n","protected":false},"excerpt":{"rendered":"","protected":false},"author":3,"featured_media":0,"parent":204,"menu_order":4,"comment_status":"closed","ping_status":"closed","template":"","meta":[],"_links":{"self":[{"href":"https:\/\/csr.ufmg.br\/ppgamsa\/wp-json\/wp\/v2\/pages\/401"}],"collection":[{"href":"https:\/\/csr.ufmg.br\/ppgamsa\/wp-json\/wp\/v2\/pages"}],"about":[{"href":"https:\/\/csr.ufmg.br\/ppgamsa\/wp-json\/wp\/v2\/types\/page"}],"author":[{"embeddable":true,"href":"https:\/\/csr.ufmg.br\/ppgamsa\/wp-json\/wp\/v2\/users\/3"}],"replies":[{"embeddable":true,"href":"https:\/\/csr.ufmg.br\/ppgamsa\/wp-json\/wp\/v2\/comments?post=401"}],"version-history":[{"count":14,"href":"https:\/\/csr.ufmg.br\/ppgamsa\/wp-json\/wp\/v2\/pages\/401\/revisions"}],"predecessor-version":[{"id":2829,"href":"https:\/\/csr.ufmg.br\/ppgamsa\/wp-json\/wp\/v2\/pages\/401\/revisions\/2829"}],"up":[{"embeddable":true,"href":"https:\/\/csr.ufmg.br\/ppgamsa\/wp-json\/wp\/v2\/pages\/204"}],"wp:attachment":[{"href":"https:\/\/csr.ufmg.br\/ppgamsa\/wp-json\/wp\/v2\/media?parent=401"}],"curies":[{"name":"wp","href":"https:\/\/api.w.org\/{rel}","templated":true}]}}