{"id":408,"date":"2021-02-07T05:13:06","date_gmt":"2021-02-07T07:13:06","guid":{"rendered":"https:\/\/csr.ufmg.br\/ppgamsa\/?page_id=408"},"modified":"2026-02-13T11:39:46","modified_gmt":"2026-02-13T13:39:46","slug":"orientacoes-diversas","status":"publish","type":"page","link":"https:\/\/csr.ufmg.br\/ppgamsa\/br\/secretaria\/orientacoes-diversas\/","title":{"rendered":"Orienta\u00e7\u00f5es Diversas"},"content":{"rendered":"<div class=\"fusion-fullwidth fullwidth-box fusion-builder-row-1 fusion-flex-container nonhundred-percent-fullwidth non-hundred-percent-height-scrolling\" style=\"background-color: rgba(255,255,255,0);background-position: center center;background-repeat: no-repeat;border-width: 0px 0px 0px 0px;border-color:#eae9e9;border-style:solid;\" ><div class=\"fusion-builder-row fusion-row fusion-flex-align-items-flex-start\" style=\"max-width:1248px;margin-left: calc(-4% \/ 2 );margin-right: calc(-4% \/ 2 );\"><div class=\"fusion-layout-column fusion_builder_column fusion-builder-column-0 fusion_builder_column_1_1 1_1 fusion-flex-column\"><div class=\"fusion-column-wrapper fusion-flex-justify-content-flex-start fusion-content-layout-column\" style=\"background-position:left top;background-repeat:no-repeat;-webkit-background-size:cover;-moz-background-size:cover;-o-background-size:cover;background-size:cover;padding: 0px 0px 0px 0px;\"><style type=\"text\/css\">@media only screen and (max-width:1024px) {.fusion-title.fusion-title-1{margin-top:10px!important;margin-bottom:30px!important;}}<\/style><div class=\"fusion-title title fusion-title-1 fusion-title-text fusion-title-size-one\" style=\"margin-top:10px;margin-bottom:30px;\"><div class=\"title-sep-container title-sep-container-left fusion-no-large-visibility fusion-no-medium-visibility fusion-no-small-visibility\"><div class=\"title-sep sep-\" style=\"border-color:#ae895d;\"><\/div><\/div><h1 class=\"title-heading-left\" style=\"margin:0;\">Orienta\u00e7\u00f5es aos discentes<\/h1><div class=\"title-sep-container title-sep-container-right\"><div class=\"title-sep sep-\" style=\"border-color:#ae895d;\"><\/div><\/div><\/div><div class=\"fusion-text fusion-text-1\"><p><a href=\"https:\/\/csr.ufmg.br\/ppgamsa\/wp-content\/uploads\/2022\/12\/INSTRUCOES_MARCACAO_DEFESA_Aluno_e_orientador.pdf\">Marca\u00e7\u00e3o de Defesa no Sistema Acad\u00eamico<\/a><\/p>\n<p><a href=\"https:\/\/csr.ufmg.br\/ppgamsa\/wp-content\/uploads\/2022\/03\/PROCEDIMENTOS-PARA-ENTREGA-DOS-VOLUMES-FINAIS-1.pdf\" target=\"_blank\" rel=\"noopener noreferrer\">Procedimentos para a entrega do volume final e solicita\u00e7\u00e3o de diploma<\/a><\/p>\n<p><a href=\"https:\/\/csr.ufmg.br\/ppgamsa\/wp-content\/uploads\/2022\/03\/Procedimento-para-marcacao-da-defesa.pdf\" target=\"_blank\" rel=\"noopener noreferrer\">Procedimentos para a marca\u00e7\u00e3o ou prorroga\u00e7\u00e3o da defesa<\/a><\/p>\n<p><a href=\"https:\/\/csr.ufmg.br\/ppgamsa\/wp-content\/uploads\/2022\/03\/Documentos-para-solicitacao-de-recursos-1.pdf\" target=\"_blank\" rel=\"noopener noreferrer\">Documentos para solicita\u00e7\u00e3o de recurso<\/a><\/p>\n<p><a href=\"https:\/\/csr.ufmg.br\/ppgamsa\/wp-content\/uploads\/2022\/03\/APROVEITAMENTO-DE-ESTUDOS-E-DISPENSA-DE-CREDITOS.pdf\" target=\"_blank\" rel=\"noopener noreferrer\">Aproveitamento de Estudos e Dispensa de Cr\u00e9ditos<\/a><\/p>\n<p><a href=\"https:\/\/csr.ufmg.br\/ppgamsa\/orientacoes-qualificacao-doutorado-e-seminario-de-dissertacao\/\">Orienta\u00e7\u00f5es sobre a Qualifica\u00e7\u00e3o<\/a><\/p>\n<\/div><\/div><\/div><style type=\"text\/css\">.fusion-body .fusion-builder-column-0{width:100% !important;margin-top : 0px;margin-bottom : 20px;}.fusion-builder-column-0 > .fusion-column-wrapper {padding-top : 0px !important;padding-right : 0px !important;margin-right : 1.92%;padding-bottom : 0px !important;padding-left : 0px !important;margin-left : 1.92%;}@media only screen and (max-width:1024px) {.fusion-body .fusion-builder-column-0{width:100% !important;order : 0;}.fusion-builder-column-0 > .fusion-column-wrapper {margin-right : 1.92%;margin-left : 1.92%;}}@media only screen and (max-width:640px) {.fusion-body .fusion-builder-column-0{width:100% !important;order : 0;}.fusion-builder-column-0 > .fusion-column-wrapper {margin-right : 1.92%;margin-left : 1.92%;}}<\/style><\/div><style type=\"text\/css\">.fusion-body .fusion-flex-container.fusion-builder-row-1{ padding-top : 0px;margin-top : 0px;padding-right : 0px;padding-bottom : 0px;margin-bottom : 0px;padding-left : 0px;}<\/style><\/div>\n","protected":false},"excerpt":{"rendered":"","protected":false},"author":3,"featured_media":0,"parent":204,"menu_order":6,"comment_status":"closed","ping_status":"closed","template":"","meta":[],"_links":{"self":[{"href":"https:\/\/csr.ufmg.br\/ppgamsa\/wp-json\/wp\/v2\/pages\/408"}],"collection":[{"href":"https:\/\/csr.ufmg.br\/ppgamsa\/wp-json\/wp\/v2\/pages"}],"about":[{"href":"https:\/\/csr.ufmg.br\/ppgamsa\/wp-json\/wp\/v2\/types\/page"}],"author":[{"embeddable":true,"href":"https:\/\/csr.ufmg.br\/ppgamsa\/wp-json\/wp\/v2\/users\/3"}],"replies":[{"embeddable":true,"href":"https:\/\/csr.ufmg.br\/ppgamsa\/wp-json\/wp\/v2\/comments?post=408"}],"version-history":[{"count":11,"href":"https:\/\/csr.ufmg.br\/ppgamsa\/wp-json\/wp\/v2\/pages\/408\/revisions"}],"predecessor-version":[{"id":3249,"href":"https:\/\/csr.ufmg.br\/ppgamsa\/wp-json\/wp\/v2\/pages\/408\/revisions\/3249"}],"up":[{"embeddable":true,"href":"https:\/\/csr.ufmg.br\/ppgamsa\/wp-json\/wp\/v2\/pages\/204"}],"wp:attachment":[{"href":"https:\/\/csr.ufmg.br\/ppgamsa\/wp-json\/wp\/v2\/media?parent=408"}],"curies":[{"name":"wp","href":"https:\/\/api.w.org\/{rel}","templated":true}]}}